{"id":10,"date":"2013-11-19T16:29:33","date_gmt":"2013-11-19T14:29:33","guid":{"rendered":"https:\/\/evol-forum.ch\/dei\/christlichen-apokalypsen\/"},"modified":"2018-10-24T15:09:51","modified_gmt":"2018-10-24T13:09:51","slug":"christliche-apokalypsen","status":"publish","type":"page","link":"https:\/\/evol-forum.ch\/dei\/christliche-apokalypsen\/","title":{"rendered":"Christliche Apokalypsen"},"content":{"rendered":"<h1>Was uns Apokalypsen\u00a0zur Wendezeit sagen<\/h1>\n<p>Wenn von der Apokalypse die Rede ist, denken fast alle an die christliche Offenbarung des Johannes. Doch es gibt auch hier \u00fcberraschend viele apokalyptische Prophezeiungen, die oft geschichtliche Zusammenh\u00e4nge und \u00e4hnliche Inhalte aufweisen.\u00a0Denn Apokalypsen gibt es nicht nur im Christentum, sondern in jeder Religion.<\/p>\n<p>&nbsp;<\/p>\n<h2>Prophezeiungen<\/h2>\n<p>Apokalypsen enthalten Prophezeiungen von gro\u00dfer Tragweite und gro\u00dfem Umfang. Doch machen wir uns vorher bewusst, was Prophezeiungen \u00fcberhaupt sind. Diese medialen Durchgaben und Orakel beschreiben zu einem bestimmten Thema, was eintreten wird, wenn sich nichts \u00e4ndert an unserem Verhalten und wenn sich nichts ver\u00e4ndert an den Einfl\u00fcssen von Au\u00dfen.<\/p>\n<p>Prophezeiungen sind also Beschreibungen einer Situation, die so eintreffen und geschehen w\u00fcrde, wenn die Menschen nichts in ihrem Bewusstsein und an der Situation ver\u00e4ndern w\u00fcrden, von dem Zeitpunkt der Prophezeiung an bis zum angek\u00fcndigten Eintreten. Doch das ist eigentlich immer der Fall, denn alles ver\u00e4ndert sich &#8211; st\u00e4ndig. Es h\u00e4ngt also direkt vom Denken, Entscheiden und Verhalten der Menschen ab, ob sich eine Prophezeiung erf\u00fcllen wird, und nat\u00fcrlich ebenso davon, wie sich in dieser Zeitspanne das Umfeld entwickelt und der Einfluss der Dunkelwesen einwirkt. Und wie wir schon erkannt haben, geht es auch um eine Qualit\u00e4t von Bewusstsein und Zeitgeschehen.<\/p>\n<p>Der Sinn oder das Ziel einer Prophezeiung ist demzufolge, uns einerseits etwas bewusst zu machen und andererseits zu warnen, was geschehen wird, so sich unser Verhalten nicht \u00e4ndert. Deshalb sind alle Prophezeiungen unter diesem Aspekt zu sehen. Auch wenn es um Datierungen geht, die meist gar nicht m\u00f6glich sind &#8230;<\/p>\n<p>&nbsp;<\/p>\n<p>&nbsp;<\/p>\n<h2>Apokalypsen<\/h2>\n<p>Apokalypsen sind eine besondere Art von Prophezeiungen, die meist direkt von der Gottheit oder ihren Vertretern empfangen werden und von einem Ende, einer Wende und einem Neubeginn der g\u00f6ttlichen Sch\u00f6pfung berichten &#8230;<\/p>\n<p>Vergleich der Apokalypsen verschiedener Religionen (in ihrer Reihenfolge)<\/p>\n<p>&nbsp;<\/p>\n<p>Die ersten Apokalypsen finden wir bereits in der Antike, in den Sch\u00f6pfungsmythen Assyriens und Babyloniens, wo auch im Gilgamesch-Epos apokalyptische Vorstellungen auftauchen. Im Persischen Zoroastrismus wird erstmals ein Endkampf zwischen Gut und B\u00f6se, Licht und Dunkelheit beschrieben, der von dort wohl in den griechischen Hellenismus eindrang.\u00a0Auch in den normannischen Kulturen wurde der Weltuntergang, den nur ein Teil der Menschen \u00fcberleben w\u00fcrden, als \u201eRagnar\u00f6k\u201c (Schicksal der G\u00f6tter) \u00fcberliefert.<\/p>\n<p>&nbsp;<\/p>\n<p>&nbsp;<\/p>\n<h2>Die christlichen Apokalypsen\u00a0in den Evangelien<\/h2>\n<p><strong>Die christlichen Apokalypsen, namentlich<\/strong><\/p>\n<ul>\n<li>Apokalypse des Johannes (NT)<\/li>\n<li>Apokalypse des Paulus (Apokryben)<\/li>\n<li>Apokalypse des Petrus (Gnostisch)<\/li>\n<\/ul>\n<p>werden wir nun genauer anschauen. Einerseits in der folgenden Zusammenfassung mit ihren Kernaussagen, andererseits mit den 3 vollst\u00e4ndigen Apokalypsen und fortlaufender Interpretation, sowie weiterf\u00fchrenden Vergleichen f\u00fcr tiefer Interessierte.<\/p>\n<ul>\n<li>Die Apokalypse der Maria (Gnostisch)<\/li>\n<li>1.\/2.\/3. Apokalypse Jakobus (Gnostisch)<\/li>\n<li>Apokalypse Hirte des Hermas<\/li>\n<li>Apokalypse Buch Daniel (NT)<\/li>\n<\/ul>\n<p>seien hier nur f\u00fcr die \u00dcbersicht erw\u00e4hnt.<\/p>\n<p>&nbsp;<\/p>\n<p>Wir fokussieren uns nun auf die Kernaussagen der 3 gro\u00dfen christlichen Apokalypsen, die aus dem Umfeld von Jesus Christus stammen sollen.\u00a0Die Bekannteste ist die Wendezeit-Offenbarung von Johannes dem Seher (nicht zu verwechseln mit dem Apostel Johannes oder Johannes dem T\u00e4ufer), gefolgt von der Aufstiegs-Offenbarung von Paulus, und der Verfolgungs-Offenbarung von Petrus.<\/p>\n<p>&nbsp;<\/p>\n<p>&nbsp;<\/p>\n<h2>Zusammenfassung\u00a0der christlichen Apokalypsen<\/h2>\n<p>Diese 3 Apokalypsen haben gemeinsam,\u00a0dass die Menschen, die dem Weg des Herrn folgen, zuerst durch<\/p>\n<ul>\n<li>grosse Verfolgungen und Katastrophen und Wiedergutmachungen gehen m\u00fcssen,<\/li>\n<li>dem Antichristen Haniel, Satana oder ihren Asuras begegnen und versucht werden,<\/li>\n<li>dass diese durch die Wiederkunft Christi und seinen Erl\u00f6sungsplan \u00fcberwunden werden,<\/li>\n<li>und wir eine Wendezeit resp. Aufstiegszeit der L\u00e4uterungen durchlaufen,<\/li>\n<li>damit unsere Seelen durch verschiedene Enwicklungstufen auf Erden und in h\u00f6heren Dimensionen,<\/li>\n<li>zur\u00fcckkehren in unsere eigentliche Heimat, das Liebesreich in der Geistigen Welt.<\/li>\n<\/ul>\n<p>So geben uns diese Apokalypsen Informationen und Bilder aus Visionen zur g\u00f6ttlichen Hierarchie und Sch\u00f6pfung sowie zum geistigen Aufstieg der Seelen und der R\u00fcckkehr in die vielen Wohngswelten der Gottheit.<\/p>\n<p>&nbsp;<\/p>\n<p><strong>Anmerkung:<\/strong><\/p>\n<p>Bei diesen 3 Offenbarungen sind es immer die 3 Erzengel der Trinit\u00e4t der Trinit\u00e4ten, die diesen Propheten die Erkl\u00e4rungen und Bilder \u00fcberbrachten, die auch die individuellen und kollektiven Aufstiegsversuche der Seelen leiten und lenken, denn es ist ein Teil ihrer Aufgaben im heiligen Erl\u00f6sungs-Plan von Eioua und Sophia Christus.<\/p>\n<ul>\n<li>So ist CHAMUEL MELCHIZEDEK der,\u00a0der die Versuche auf Erden f\u00fchrt,<\/li>\n<li>und MICHAEL MELISIM ist der,\u00a0der diese Versuche besch\u00fctzt,<\/li>\n<li>und GABRIEL METATRON ist der,\u00a0der uns mit Ihnen verbindet, und mit der Gottheit und den Kr\u00e4ften der geistigen Welt. Meist war er es, der zu Propheten sprach und selbst Mohammed bezog sich auf ihn als Erzengel Jibril.<\/li>\n<\/ul>\n<p>Diese 3 Apokalypsen werden auch wieder mit dem Jahrtausendwechsel in Zusammenhang gebracht und mit dem Wechsel ins n\u00e4chste \u00c4on (oder Tierkreiszeitalter).<\/p>\n<p>Dies nehmen wir als \u00dcbergang zu den Legenden um die Zyklen-Kalender sowie den Jahres-Kalendern f\u00fcr eine genauere Zeitbestimmung &#8230;<\/p>\n<p>&nbsp;<\/p>\n<p>&nbsp;<\/p>\n<p>&nbsp;<\/p>\n<p>&nbsp;<\/p>\n<p style=\"font: normal normal normal 12px\/normal Helvetica; margin: 0px;\"><span style=\"letter-spacing: 0px;\">Dies ist ein Auszug aus dem Buch\u00a0<a title=\"Buchbestellung DEI VERM\u00c4CHTNIS\" href=\"https:\/\/evol-forum.ch\/buecher-und-ebooks\/\" target=\"_blank\" rel=\"noopener\">DEI VERM\u00c4CHTNIS<\/a>.<\/span><\/p>\n<p>&nbsp;<\/p>\n","protected":false},"excerpt":{"rendered":"<p>Was uns Apokalypsen\u00a0zur Wendezeit sagen Wenn von der Apokalypse die Rede ist, denken fast alle an die christliche Offenbarung des Johannes. Doch es gibt auch hier \u00fcberraschend viele apokalyptische Prophezeiungen, die oft geschichtliche Zusammenh\u00e4nge und \u00e4hnliche Inhalte aufweisen.\u00a0Denn Apokalypsen gibt es nicht nur im Christentum, sondern in jeder Religion. &nbsp; Prophezeiungen Apokalypsen enthalten Prophezeiungen von [&hellip;]<\/p>\n","protected":false},"author":5,"featured_media":0,"parent":0,"menu_order":220,"comment_status":"open","ping_status":"open","template":"","meta":{"_acf_changed":false,"_monsterinsights_skip_tracking":false,"_monsterinsights_sitenote_active":false,"_monsterinsights_sitenote_note":"","_monsterinsights_sitenote_category":0,"footnotes":""},"class_list":["post-10","page","type-page","status-publish","hentry"],"acf":[],"yoast_head":"<!-- This site is optimized with the Yoast SEO plugin v26.4 - https:\/\/yoast.com\/wordpress\/plugins\/seo\/ -->\n<title>Christliche Apokalypsen - DEI-VERM\u00c4CHTNIS<\/title>\n<meta name=\"robots\" content=\"index, follow, max-snippet:-1, max-image-preview:large, max-video-preview:-1\" \/>\n<link rel=\"canonical\" href=\"https:\/\/evol-forum.ch\/dei\/christliche-apokalypsen\/\" \/>\n<meta name=\"twitter:label1\" content=\"Gesch\u00e4tzte Lesezeit\" \/>\n\t<meta name=\"twitter:data1\" content=\"4\u00a0Minuten\" \/>\n<script type=\"application\/ld+json\" class=\"yoast-schema-graph\">{\"@context\":\"https:\/\/schema.org\",\"@graph\":[{\"@type\":\"WebPage\",\"@id\":\"https:\/\/evol-forum.ch\/dei\/christliche-apokalypsen\/\",\"url\":\"https:\/\/evol-forum.ch\/dei\/christliche-apokalypsen\/\",\"name\":\"Christliche Apokalypsen - DEI-VERM\u00c4CHTNIS\",\"isPartOf\":{\"@id\":\"https:\/\/evol-forum.ch\/dei\/#website\"},\"datePublished\":\"2013-11-19T14:29:33+00:00\",\"dateModified\":\"2018-10-24T13:09:51+00:00\",\"inLanguage\":\"de\",\"potentialAction\":[{\"@type\":\"ReadAction\",\"target\":[\"https:\/\/evol-forum.ch\/dei\/christliche-apokalypsen\/\"]}]},{\"@type\":\"WebSite\",\"@id\":\"https:\/\/evol-forum.ch\/dei\/#website\",\"url\":\"https:\/\/evol-forum.ch\/dei\/\",\"name\":\"DEI-VERM\u00c4CHTNIS\",\"description\":\"\",\"potentialAction\":[{\"@type\":\"SearchAction\",\"target\":{\"@type\":\"EntryPoint\",\"urlTemplate\":\"https:\/\/evol-forum.ch\/dei\/?s={search_term_string}\"},\"query-input\":{\"@type\":\"PropertyValueSpecification\",\"valueRequired\":true,\"valueName\":\"search_term_string\"}}],\"inLanguage\":\"de\"}]}<\/script>\n<!-- \/ Yoast SEO plugin. -->","yoast_head_json":{"title":"Christliche Apokalypsen - DEI-VERM\u00c4CHTNIS","robots":{"index":"index","follow":"follow","max-snippet":"max-snippet:-1","max-image-preview":"max-image-preview:large","max-video-preview":"max-video-preview:-1"},"canonical":"https:\/\/evol-forum.ch\/dei\/christliche-apokalypsen\/","twitter_misc":{"Gesch\u00e4tzte Lesezeit":"4\u00a0Minuten"},"schema":{"@context":"https:\/\/schema.org","@graph":[{"@type":"WebPage","@id":"https:\/\/evol-forum.ch\/dei\/christliche-apokalypsen\/","url":"https:\/\/evol-forum.ch\/dei\/christliche-apokalypsen\/","name":"Christliche Apokalypsen - DEI-VERM\u00c4CHTNIS","isPartOf":{"@id":"https:\/\/evol-forum.ch\/dei\/#website"},"datePublished":"2013-11-19T14:29:33+00:00","dateModified":"2018-10-24T13:09:51+00:00","inLanguage":"de","potentialAction":[{"@type":"ReadAction","target":["https:\/\/evol-forum.ch\/dei\/christliche-apokalypsen\/"]}]},{"@type":"WebSite","@id":"https:\/\/evol-forum.ch\/dei\/#website","url":"https:\/\/evol-forum.ch\/dei\/","name":"DEI-VERM\u00c4CHTNIS","description":"","potentialAction":[{"@type":"SearchAction","target":{"@type":"EntryPoint","urlTemplate":"https:\/\/evol-forum.ch\/dei\/?s={search_term_string}"},"query-input":{"@type":"PropertyValueSpecification","valueRequired":true,"valueName":"search_term_string"}}],"inLanguage":"de"}]}},"_links":{"self":[{"href":"https:\/\/evol-forum.ch\/dei\/wp-json\/wp\/v2\/pages\/10","targetHints":{"allow":["GET"]}}],"collection":[{"href":"https:\/\/evol-forum.ch\/dei\/wp-json\/wp\/v2\/pages"}],"about":[{"href":"https:\/\/evol-forum.ch\/dei\/wp-json\/wp\/v2\/types\/page"}],"author":[{"embeddable":true,"href":"https:\/\/evol-forum.ch\/dei\/wp-json\/wp\/v2\/users\/5"}],"replies":[{"embeddable":true,"href":"https:\/\/evol-forum.ch\/dei\/wp-json\/wp\/v2\/comments?post=10"}],"version-history":[{"count":8,"href":"https:\/\/evol-forum.ch\/dei\/wp-json\/wp\/v2\/pages\/10\/revisions"}],"predecessor-version":[{"id":670,"href":"https:\/\/evol-forum.ch\/dei\/wp-json\/wp\/v2\/pages\/10\/revisions\/670"}],"wp:attachment":[{"href":"https:\/\/evol-forum.ch\/dei\/wp-json\/wp\/v2\/media?parent=10"}],"curies":[{"name":"wp","href":"https:\/\/api.w.org\/{rel}","templated":true}]}}