{"id":19,"date":"2013-11-19T16:29:35","date_gmt":"2013-11-19T14:29:35","guid":{"rendered":"https:\/\/evol-forum.ch\/dei\/aufstieg-der-seelen\/"},"modified":"2018-07-19T15:38:22","modified_gmt":"2018-07-19T13:38:22","slug":"aufstieg-der-seelen","status":"publish","type":"page","link":"https:\/\/evol-forum.ch\/dei\/aufstieg-der-seelen\/","title":{"rendered":"Aufstieg der Seelen"},"content":{"rendered":"<h1>Individueller Aufstieg<\/h1>\n<p>So ist in diesem Zeitfenster auch gegeben, dass der individuelle Aufstieg einer Seele einfacher m\u00f6glich sein wird als sonst,\u00a0da die erw\u00e4hnten DEI-Str\u00f6me dies f\u00f6rdern. Das ist &#8211; so oder so &#8211; das Beste was wir f\u00fcr unsere eigene Seele tun k\u00f6nnen.\u00a0Die alte Ausrede gilt nicht mehr &#8211; man k\u00f6nne als Einzelner eh nichts tun und es h\u00e4tte sowieso keinen Einfluss bei 7 Milliarden Menschen auf der Welt &#8211; um die eigene Unt\u00e4tigkeit zu rechtfertigen.\u00a0Die Suche der Gottzugewandten soll damit ein Ende finden, durch das ChristusBewusstsein, dass wir empfangen werden und das uns erl\u00f6sen wird. Deshalb kommt es nun wirklich auf jeden Einzelnen von uns an, denn wir alle zusammen sind auch das Kollektiv.<\/p>\n<p>&nbsp;<\/p>\n<p>&nbsp;<\/p>\n<h2>Kollektiver Aufstieg<\/h2>\n<p>So eine bestimmte Zahl von einzelnen Seelen erwacht sei und sich der Gottheit zugewendet habe (kritische Gr\u00f6\u00dfe von mind. 1\/3), werde ein kollektiver Aufstieg der Wesen aus den 7 Gottes-Rassen zusammen mit Mutter Erde und den Planeten unseres Sonnensystems stattfinden.\u00a0Doch dies h\u00e4ngt wie betont nur von den einzelnen Wesen ab, denn diese kritische Gr\u00f6\u00dfe muss errungen und damit \u00fcberwunden werden, um die g\u00f6ttlichen Gesetze zu erf\u00fcllen.\u00a0So ist es immer noch vorgesehen und die Hoffnung aller Licht-Wesen, dass wir gemeinsam aufsteigen werden.\u00a0So lasst uns durch diese Erkenntnisse die gr\u00f6\u00dfte Wirkung f\u00fcr alle und alles was auf Eden lebt begeben, und dass uns dies den gr\u00f6\u00dften Schritt der Entwicklung hin zu Friede und Liebe bringen wird und zu einer ganz neuen Erfahrung unseres Seins.<\/p>\n<p>&nbsp;<\/p>\n<p><img loading=\"lazy\" decoding=\"async\" title=\"Aufstieg von Johfra\" src=\"https:\/\/evol-forum.ch\/dei\/wp-content\/uploads\/sites\/2\/2013\/11\/IMG_Aufstieg_Seelen.jpg\" alt=\"Aufstieg von Johfra\" width=\"445\" height=\"636\" \/><\/p>\n<p>&#8222;Aufstieg&#8220; von Johfra<\/p>\n<p>&nbsp;<\/p>\n<h2>Widersacher der Asuras<\/h2>\n<p>So sch\u00f6n das alles klingt f\u00fcr die Aufsteigenden, und traurig f\u00fcr die Absteigenden, sicher ist es noch nicht, denn es h\u00e4ngt nun von den weltweiten Entwicklungen der n\u00e4chsten Jahre ab.\u00a0Und wie wir gesehen haben, sind wir hier auf Erden auch den Angriffen und Gegenwirkungen der Asura-Hirarchie ausgesetzt. Haniel und Satana, als deren F\u00fchrer und selbsternannte G\u00f6tter der materiellen Sch\u00f6pfung, wollen diesen Aufstieg der Seelen nat\u00fcrlich verhindern. Doch es soll ihnen diesmal nicht mehr gelingen, denn mir wurde gesagt, dass sie nicht mehr so viel Macht \u00fcber die Seelen haben, so wir uns innerlich der Gottheit zuwenden&#8230;<\/p>\n<p>Doch die Asuras werden nicht ruhen, und \u00fcberall wo die ihrigen einsitzen in Politik, Wirtschaft und Wissenschaft, werden sie versuchen alle Ver\u00e4nderungen oder Entwicklungen zu verhindern oder zumindest zu verz\u00f6gern.<\/p>\n<p>&nbsp;<\/p>\n<p>&nbsp;<\/p>\n<h2>Abstieg der Gottabgewandten<\/h2>\n<p>So wird es auch viele Menschen geben, die in der 3. Dimension verbleiben und viele, die \u201eabsteigen\u201c werden, \u00fcber die 2. in die 1. Dimension.\u00a0Diese verbleibenden Wesen (1\/3 bis 2\/3) werden also ihren gottabgewandten Weg aus eigenem Willen weitergehen und mindestens einen weiteren Zyklus von 26\u2018000 Jahren durchlaufen.\u00a0An welchen Orten das sein wird, h\u00e4ngt ebenfalls von ihrem Bewusstsein und ihrem Tun ab, denn auch von Ihnen bleiben nicht alle in den 12 Dimensionen um den Planeten Erde.<\/p>\n<p>Doch seelisch \u201e\u00fcberleben\u201c werden alle!<\/p>\n<p>&nbsp;<\/p>\n<p>&nbsp;<\/p>\n<h2>Die Pl\u00e4ne des Melchizedek-Ordens (Rat der 144)<\/h2>\n<p>In der geistigen Welt hei\u00dft er Melchizedek-Orden, in den h\u00f6heren Dimensionen meist Melchizedek Bruder-Schwestern-Schaft, doch auf Erden ist er vor allem bekannt als die Grosse Weisse Bruderschaft (obwohl sie den Frauen nat\u00fcrlich genauso offen steht).\u00a0Das Ziel dieses Ordens der 144 war und ist, aufgewachte Seelen zu begleiten, die sich der Gottheit zuwenden und sich bewusst erkennend oder unbewusst intuitiv die 10 Gebote der N\u00e4chstenliebe und des Respekts einhalten.\u00a0Diese Bem\u00fchungen und Hilfen umfassen alle Wesen, die sich nicht in der Geistigen Welt aufhalten, und umfassen damit alle Dimensionen und Ebenen der Materiellen Sch\u00f6pfung. So auch unser Weltenall und die Erde, die eine besondere Bedeutung hat im Aufstieg der Seelen.\u00a0Dieser Aufstieg &#8211; durch Entwicklung des Bewusstseins und der g\u00f6ttlichen Liebe &#8211; kann jederzeit individuell und in bestimmten Zeitfenstern auch im Kollektiv erfolgen. Doch erfolgt dies ausnahmslos im Zusammenspiel mit Wesen aus dem Melchizedek-Orden, die uns dabei liebevoll helfen und begleiten, so wir uns Ihnen zuwenden.\u00a0Sie begeben sozusagen die Koordination aller Licht-Wesen, die im Erl\u00f6sungs-Plan Christi mitwirken, bis hin zu den Schutzwesen. Und ebenso die Koordination aller Wesen der Gottes-Rassen, die sich im geistigen Erwachen und seelischen Aufstieg befinden.<\/p>\n<p>&nbsp;<\/p>\n<p>&nbsp;<\/p>\n<h2>Wie k\u00f6nnen wir uns vorbereiten?<\/h2>\n<p><strong>R\u00fcckbesinnung auf das was wir sind, lichtvolle und liebevolle Wesen<\/strong><\/p>\n<p>Wenn wir anerkennen, was wir eigentlich sind, und aufh\u00f6ren zu werten und zu urteilen und nur den materiellen und \u00e4u\u00dferlichen Dingen hinterherzurennen, k\u00f6nnen wir innehalten und uns besinnen. Besinnen auf das, was wir eigentlich sind, als menschliche Rasse und auch als Einzelwesen. Wir sind als H\u00fcter unserer Erde und Erschaffer unserer Zukunft eingesetzt im g\u00f6ttlichen Plan. Es w\u00e4re also unsere Aufgabe, daf\u00fcr zu sorgen, dass wir schonend mit Mutter Erde und den nat\u00fcrlichen Ressourcen umgehen, dass wir m\u00f6glichst unweltvertr\u00e4glich leben und wohnen, regional produzieren und uns gesund ern\u00e4hren, und alles daraufhin pr\u00fcfen, ob es den Menschen und Tieren wirklich n\u00fctzt. Es liegt also an uns, an jedem Einzelnen, diesen Weg in sich und f\u00fcr sich zu gehen. Und denken Sie nicht: \u201eIch kann ja doch nichts tun oder ausrichten\u201c, denn die Menschheit ist nichts anderes als die Summe ihrer Einzelwesen, und bei manch gro\u00dfen Entwicklung kommt es &#8211; wie wir gerade gesehen haben- auf jede einzelne Menschenseele an.\u00a0Und so schwer ist es eigentlich gar nicht, diesen Weg zu gehen. Wir sind ja grunds\u00e4tzlich schon geistige Wesen in einem Materiellen K\u00f6rper und wir sind von unserer Herkunft her keine Wesen der Erde.<\/p>\n<p>Es geht also darum, dass wir uns in allen Aspekten erkennen und Selbst-bewusst\u00a0werden, uns also bewusst werden, wer und was und wie wir sind im Hier und Jetzt.\u00a0Um diese Reflektion einmal m\u00f6glichst sachlich mit sich selbst zu begeben, empfiehlt es sich, Bl\u00e4tter mit bestimmten Thementiteln anzulegen, f\u00fcr Notizen und Stichworte, die laufend erg\u00e4nzt werden.\u00a0Es geht darum, dass wir zuerst erfassen wie wir bisher und im Jetzt sind, und dann, wie wir eigentlich sind und leben m\u00f6chten, damit wir beginnen k\u00f6nnen, diese W\u00fcnsche und Ziele umzusetzen. So leben und wirken wir immer mehr im Reinen mit uns selbst und unserer Umwelt, und der innere Zwiespalt in verschiedenen Bereichen l\u00f6st sich auf.<\/p>\n<p>Wir sollen wahrhaftig (uns selbst) und liebevoll werden, und aus dieser Haltung die innere Suche nach unserem Ursprung angehen, der Quelle allen Seins.\u00a0Jedoch aus EIGENER Erfahrung, denn nur so f\u00fchlen wir immer mehr diesen Lichtquell des g\u00f6ttlichen Funkens in uns, das Feuer des Lebens in uns bewahrend.<\/p>\n<p>Und wir ersetzen alte negative Gedanken und Muster durch heilende positive Gedanken f\u00fcr uns selbst, die Mitmenschen und die vielen Tiere und Pflanzen, denn viele sind gekr\u00e4nkt, geschw\u00e4cht, verletzt und verlassen. So werden wir zu mitf\u00fchlenden und helfenden Wesen, ohne dass wir uns dabei verlieren, immer m\u00f6glichst bewusst, wer wir sind und was wir tun und ausl\u00f6sen durch unsere Handlungen, aber auch bewusst in der Unterscheidung der Wesen.\u00a0So leben und wirken wir immer mehr auf das Licht und die Sch\u00f6pfung der Gottheit ausgerichtet, und so verst\u00e4rkt sich dies in unserem Tagesbewusstsein und nimmt eine gr\u00f6\u00dfere Kraft an als wir uns erahnen k\u00f6nnen.<\/p>\n<p>&nbsp;<\/p>\n<p><strong>Die Liebe als Schl\u00fcssel zu uns Selbst, zu den Mitwesen und zur Gottheit<\/strong><\/p>\n<p>Diese Ich Bin-Reflektion setzt voraus, dass wir uns auch so annehmen, wie wir jetzt gerade sind (mit all unseren St\u00e4rken und Schw\u00e4chen, die wir ja jederzeit \u00e4ndern k\u00f6nnen), denn nur so k\u00f6nnen wir uns selbst annehmen, uns m\u00f6gen oder gar lieben so wie wir sind und aussehen.\u00a0Dadurch werden wir auch unsere Mitmenschen besser verstehen und annehmen, wie sie jetzt gerade sind.\u00a0Und so f\u00fchrt uns diese Sichtweise, Liebe und F\u00fcrsorge f\u00fcr uns selbst und unsere Mitwesen, in die Liebe zu Allem-was-ist, zur Gottheit und ihren Sch\u00f6pfungen.<\/p>\n<p>&nbsp;<\/p>\n<p><strong><em><span style=\"color: #333366;\">\u201eEinen Menschen zu Lieben bedeutet, <\/span><\/em><\/strong><\/p>\n<p><strong><em><span style=\"color: #333366;\">ihn so zu sehen, wie Gott ihn gemeint hat.\u201c <\/span><\/em><\/strong><\/p>\n<p><strong><em><span style=\"color: #333366;\"> (Dostojewski &#8211; 7.96)<\/span><\/em><\/strong><\/p>\n<p>&nbsp;<\/p>\n<p>Liebe hat so viele Aspekte und Formen und sie ist der Schl\u00fcssel, der uns mit Allem verbindet. Wie unterschiedlich sind schon die Liebeformen und Gef\u00fchle in unserem Menschsein, die wir z.B. f\u00fcr Eltern, Geschwister, Partner oder Kinder empfinden. Diese Liebesformen fallen uns in der Regel (nat\u00fcrlich gewachsen) am einfachsten. Bei der Liebe f\u00fcr die Mitmenschen wird es schon schwieriger. Bei denen, die uns m\u00f6gen f\u00e4llt es noch leicht, doch wer von uns kann bereits seine Feinde lieben, wie es Jesus vorlebte?\u00a0Die Liebe zu uns Selbst f\u00e4llt meistens am schwersten, denn wir leben in einem \u201eSystem der Wertigkeiten\u201c und das zeigt sich daran, dass wir fast alle das Gef\u00fchl haben, in vielen Punkten irgendwem oder irgendwie nicht zu gen\u00fcgen, heutzutage vor allem im \u00e4u\u00dferlichen Erscheinungsbild. Doch wer sich selbst nicht annehmen und lieben kann, wird es schwieriger haben mit der Liebe zu den Mitwesen und zur Gottheit. Das alles geht nat\u00fcrlich nicht von Heute auf Morgen, und doch werden Sie sehr bald in sich neue Gedanken und Gef\u00fchle erleben, so Sie es einmal versuchen&#8230; Es ist ein Prozess, f\u00fcr den man sich immer wieder etwas Zeit nehmen sollte, um in die Ruhe, die Liebe und die Gesamtschau zu gelangen.\u00a0Jesus Christus hat uns den Weg gezeigt im \u201eNeuen Testament der Liebe\u201c, und er ist uns als Bruder, Lehrer und Vorbild vorausgegangen, denn er verk\u00f6rpert die Erl\u00f6sungskraft der Gottesliebe:<\/p>\n<p>&nbsp;<\/p>\n<p><em><strong><span style=\"color: #333366;\">\u201eIch bin der Weg und die Wahrheit und das Leben; <\/span><\/strong><\/em><\/p>\n<p><em><strong><span style=\"color: #333366;\">niemand kommt zum Vater au\u00dfer durch mich.\u201c\u00a0<\/span><\/strong><\/em><\/p>\n<p><em><strong><span style=\"color: #333366;\">(Johannes Evangelium &#8211; 7.97)<\/span><\/strong><\/em><\/p>\n<p>&nbsp;<\/p>\n<p>Dazu f\u00fcgt sich sehr sch\u00f6n ein Auszug des\u00a0spanischen Gnostikers Prof. Antonio Pinero, der seinen Erkenntnisweg ausschlie\u00dflich auf w\u00f6rtlichen Textstellen der apokryphen Evangelien st\u00fctzt (Ebion\u00e4er-Evangelium, Nazarener-Evangelium, Philippus-Evangelium, Thomas-Evangelium und Hebr\u00e4er-Evangelien):<\/p>\n<p><span style=\"color: #333366;\"><em>\u201eAkzeptiert der Mensch im Innern seines Herzens sein Sosein, dann hat das Reich f\u00fcr ihn bereits begonnen. Auf einen Anbruch des Reiches in irgendeiner zuk\u00fcnftigen Welt braucht er nicht zu warten.\u00a0Von dem Augenblick an, in dem er die Botschaft des Erl\u00f6sers annimmt, ist er auferstanden und die Materie kann ihm im Inneren seines Herzens auch nichts mehr anhaben. (&#8230;)\u00a0Ebenso wenig ist dem Gnostiker an Opfern und \u00e4u\u00dferen religi\u00f6sen Akten gelegen; denn die \u203aGnosis\u2039 ist vor allem eine innere Erfahrung. Der innere Reichtum des Gnostikers zeigt sich nach Au\u00dfen in Liebe und Vergebung.\u201c (Holey &#8211; 7.98)<\/em><\/span><\/p>\n<p>&nbsp;<\/p>\n<p>&nbsp;<\/p>\n<p>&nbsp;<\/p>\n<p>&nbsp;<\/p>\n<p style=\"font: normal normal normal 12px\/normal Helvetica; margin: 0px;\"><span style=\"letter-spacing: 0px;\">Dies ist ein Auszug aus dem Buch\u00a0<a title=\"Buchbestellung DEI VERM\u00c4CHTNIS\" href=\"https:\/\/evol-forum.ch\/buecher-und-ebooks\/\" target=\"_blank\" rel=\"noopener\">DEI VERM\u00c4CHTNIS<\/a>.<\/span><\/p>\n<p>&nbsp;<\/p>\n","protected":false},"excerpt":{"rendered":"<p>Individueller Aufstieg So ist in diesem Zeitfenster auch gegeben, dass der individuelle Aufstieg einer Seele einfacher m\u00f6glich sein wird als sonst,\u00a0da die erw\u00e4hnten DEI-Str\u00f6me dies f\u00f6rdern. Das ist &#8211; so oder so &#8211; das Beste was wir f\u00fcr unsere eigene Seele tun k\u00f6nnen.\u00a0Die alte Ausrede gilt nicht mehr &#8211; man k\u00f6nne als Einzelner eh nichts [&hellip;]<\/p>\n","protected":false},"author":5,"featured_media":0,"parent":0,"menu_order":292,"comment_status":"open","ping_status":"open","template":"","meta":{"_acf_changed":false,"_monsterinsights_skip_tracking":false,"_monsterinsights_sitenote_active":false,"_monsterinsights_sitenote_note":"","_monsterinsights_sitenote_category":0,"footnotes":""},"class_list":["post-19","page","type-page","status-publish","hentry"],"acf":[],"yoast_head":"<!-- This site is optimized with the Yoast SEO plugin v26.4 - https:\/\/yoast.com\/wordpress\/plugins\/seo\/ -->\n<title>Aufstieg der Seelen - DEI-VERM\u00c4CHTNIS<\/title>\n<meta name=\"robots\" content=\"index, follow, max-snippet:-1, max-image-preview:large, max-video-preview:-1\" \/>\n<link rel=\"canonical\" href=\"https:\/\/evol-forum.ch\/dei\/aufstieg-der-seelen\/\" \/>\n<meta name=\"twitter:label1\" content=\"Gesch\u00e4tzte Lesezeit\" \/>\n\t<meta name=\"twitter:data1\" content=\"9\u00a0Minuten\" \/>\n<script type=\"application\/ld+json\" class=\"yoast-schema-graph\">{\"@context\":\"https:\/\/schema.org\",\"@graph\":[{\"@type\":\"WebPage\",\"@id\":\"https:\/\/evol-forum.ch\/dei\/aufstieg-der-seelen\/\",\"url\":\"https:\/\/evol-forum.ch\/dei\/aufstieg-der-seelen\/\",\"name\":\"Aufstieg der Seelen - DEI-VERM\u00c4CHTNIS\",\"isPartOf\":{\"@id\":\"https:\/\/evol-forum.ch\/dei\/#website\"},\"primaryImageOfPage\":{\"@id\":\"https:\/\/evol-forum.ch\/dei\/aufstieg-der-seelen\/#primaryimage\"},\"image\":{\"@id\":\"https:\/\/evol-forum.ch\/dei\/aufstieg-der-seelen\/#primaryimage\"},\"thumbnailUrl\":\"https:\/\/evol-forum.ch\/dei\/wp-content\/uploads\/sites\/2\/2013\/11\/IMG_Aufstieg_Seelen.jpg\",\"datePublished\":\"2013-11-19T14:29:35+00:00\",\"dateModified\":\"2018-07-19T13:38:22+00:00\",\"inLanguage\":\"de\",\"potentialAction\":[{\"@type\":\"ReadAction\",\"target\":[\"https:\/\/evol-forum.ch\/dei\/aufstieg-der-seelen\/\"]}]},{\"@type\":\"ImageObject\",\"inLanguage\":\"de\",\"@id\":\"https:\/\/evol-forum.ch\/dei\/aufstieg-der-seelen\/#primaryimage\",\"url\":\"https:\/\/evol-forum.ch\/dei\/wp-content\/uploads\/sites\/2\/2013\/11\/IMG_Aufstieg_Seelen.jpg\",\"contentUrl\":\"https:\/\/evol-forum.ch\/dei\/wp-content\/uploads\/sites\/2\/2013\/11\/IMG_Aufstieg_Seelen.jpg\",\"width\":445,\"height\":636},{\"@type\":\"WebSite\",\"@id\":\"https:\/\/evol-forum.ch\/dei\/#website\",\"url\":\"https:\/\/evol-forum.ch\/dei\/\",\"name\":\"DEI-VERM\u00c4CHTNIS\",\"description\":\"\",\"potentialAction\":[{\"@type\":\"SearchAction\",\"target\":{\"@type\":\"EntryPoint\",\"urlTemplate\":\"https:\/\/evol-forum.ch\/dei\/?s={search_term_string}\"},\"query-input\":{\"@type\":\"PropertyValueSpecification\",\"valueRequired\":true,\"valueName\":\"search_term_string\"}}],\"inLanguage\":\"de\"}]}<\/script>\n<!-- \/ Yoast SEO plugin. -->","yoast_head_json":{"title":"Aufstieg der Seelen - DEI-VERM\u00c4CHTNIS","robots":{"index":"index","follow":"follow","max-snippet":"max-snippet:-1","max-image-preview":"max-image-preview:large","max-video-preview":"max-video-preview:-1"},"canonical":"https:\/\/evol-forum.ch\/dei\/aufstieg-der-seelen\/","twitter_misc":{"Gesch\u00e4tzte Lesezeit":"9\u00a0Minuten"},"schema":{"@context":"https:\/\/schema.org","@graph":[{"@type":"WebPage","@id":"https:\/\/evol-forum.ch\/dei\/aufstieg-der-seelen\/","url":"https:\/\/evol-forum.ch\/dei\/aufstieg-der-seelen\/","name":"Aufstieg der Seelen - DEI-VERM\u00c4CHTNIS","isPartOf":{"@id":"https:\/\/evol-forum.ch\/dei\/#website"},"primaryImageOfPage":{"@id":"https:\/\/evol-forum.ch\/dei\/aufstieg-der-seelen\/#primaryimage"},"image":{"@id":"https:\/\/evol-forum.ch\/dei\/aufstieg-der-seelen\/#primaryimage"},"thumbnailUrl":"https:\/\/evol-forum.ch\/dei\/wp-content\/uploads\/sites\/2\/2013\/11\/IMG_Aufstieg_Seelen.jpg","datePublished":"2013-11-19T14:29:35+00:00","dateModified":"2018-07-19T13:38:22+00:00","inLanguage":"de","potentialAction":[{"@type":"ReadAction","target":["https:\/\/evol-forum.ch\/dei\/aufstieg-der-seelen\/"]}]},{"@type":"ImageObject","inLanguage":"de","@id":"https:\/\/evol-forum.ch\/dei\/aufstieg-der-seelen\/#primaryimage","url":"https:\/\/evol-forum.ch\/dei\/wp-content\/uploads\/sites\/2\/2013\/11\/IMG_Aufstieg_Seelen.jpg","contentUrl":"https:\/\/evol-forum.ch\/dei\/wp-content\/uploads\/sites\/2\/2013\/11\/IMG_Aufstieg_Seelen.jpg","width":445,"height":636},{"@type":"WebSite","@id":"https:\/\/evol-forum.ch\/dei\/#website","url":"https:\/\/evol-forum.ch\/dei\/","name":"DEI-VERM\u00c4CHTNIS","description":"","potentialAction":[{"@type":"SearchAction","target":{"@type":"EntryPoint","urlTemplate":"https:\/\/evol-forum.ch\/dei\/?s={search_term_string}"},"query-input":{"@type":"PropertyValueSpecification","valueRequired":true,"valueName":"search_term_string"}}],"inLanguage":"de"}]}},"_links":{"self":[{"href":"https:\/\/evol-forum.ch\/dei\/wp-json\/wp\/v2\/pages\/19","targetHints":{"allow":["GET"]}}],"collection":[{"href":"https:\/\/evol-forum.ch\/dei\/wp-json\/wp\/v2\/pages"}],"about":[{"href":"https:\/\/evol-forum.ch\/dei\/wp-json\/wp\/v2\/types\/page"}],"author":[{"embeddable":true,"href":"https:\/\/evol-forum.ch\/dei\/wp-json\/wp\/v2\/users\/5"}],"replies":[{"embeddable":true,"href":"https:\/\/evol-forum.ch\/dei\/wp-json\/wp\/v2\/comments?post=19"}],"version-history":[{"count":5,"href":"https:\/\/evol-forum.ch\/dei\/wp-json\/wp\/v2\/pages\/19\/revisions"}],"predecessor-version":[{"id":620,"href":"https:\/\/evol-forum.ch\/dei\/wp-json\/wp\/v2\/pages\/19\/revisions\/620"}],"wp:attachment":[{"href":"https:\/\/evol-forum.ch\/dei\/wp-json\/wp\/v2\/media?parent=19"}],"curies":[{"name":"wp","href":"https:\/\/api.w.org\/{rel}","templated":true}]}}