{"id":22,"date":"2013-11-19T16:29:35","date_gmt":"2013-11-19T14:29:35","guid":{"rendered":"https:\/\/evol-forum.ch\/dei\/heilige-geometrie\/"},"modified":"2018-10-24T16:11:27","modified_gmt":"2018-10-24T14:11:27","slug":"heilige-geometrie","status":"publish","type":"page","link":"https:\/\/evol-forum.ch\/dei\/heilige-geometrie\/","title":{"rendered":"Heilige Geometrie"},"content":{"rendered":"<h1>Heilige Geometrie<\/h1>\n<p>Um die Grundlagen f\u00fcr die Sch\u00f6pfungen abzuschlie\u00dfen, bedingt es nur noch die Heilige Geometrie, welche auch die Mathematik und die Zahlen in sich tr\u00e4gt.<\/p>\n<p>&nbsp;<\/p>\n<h2>Die 5 Platonischen K\u00f6rper<\/h2>\n<p>Die 5 Platonischen K\u00f6rper bilden zusammen alle Grundformen, aus denen die Strukturen der Heiligen Geometrie und der Sch\u00f6pfung hervorgehen. Jede Form in unseren materiellen Welten und Sch\u00f6pfungen besteht aus einer dieser Formen oder aus Verbindungen dieser Formen.<\/p>\n<p>&nbsp;<\/p>\n<p>Sie wurden als \u201eplatonische K\u00f6rper\u201c benannt, weil sie dem griechischen Philosophen Plato zugeschrieben werden. In seinem Werk Timaios umschreibt er die universale Kosmologie, die auf verbundenen geometrischen Strukturen basiert. Doch war das Wissen darum, dass diese 5 geometrischen K\u00f6rper die Bausteine des Universums sind, lange vor Plato bekannt, wenn auch nicht in diesen belegten Zusammenh\u00e4ngen.<\/p>\n<p>&nbsp;<\/p>\n<p>Im Ashmolean Museum in Oxford liegen Modelle solcher Formen, deren Alter bis an die 3400 Jahre datiert wird, also mehr als 1000 Jahre vor Plato. Im Museum von Kairo liegen ebenso wunderbar genau gefertigte Modelle, die auf 3000 Jahre datiert wurden.<\/p>\n<p>&nbsp;<\/p>\n<p><strong>Ein Platonischer K\u00f6rper zeigt folgende einheitliche Merkmale:<\/strong><\/p>\n<ul>\n<li>er ist von Fl\u00e4chen gleicher Gr\u00f6\u00dfe\u00a0begrenzt<\/li>\n<li>er hat gleiche Kantenl\u00e4ngen<\/li>\n<li>er hat die gleiche innere Winkelgr\u00f6\u00dfe\u00a0zwischen den Fl\u00e4chen<\/li>\n<li>wird er (jeder der 5 Platonischen K\u00f6rper) in eine Kugel gesetzt, so ber\u00fchren alle Eckpunkte die Innenseite der Kugeloberfl\u00e4che.<\/li>\n<\/ul>\n<p>&nbsp;<\/p>\n<p>Am anschaulichsten zeigt uns dies der W\u00fcrfel, denn seine Fl\u00e4chen sind gleichgro\u00dfe Quadrate, seine Kantenl\u00e4ngen sind alle gleich und seine inneren Winkel der Fl\u00e4chen zueinander betragen stets 90\u00b0. Setzt man nun den W\u00fcrfel in eine Kugel, so ber\u00fchren<\/p>\n<p>alle 4 Eckpunkte die Kugeloberfl\u00e4che.<\/p>\n<p>&nbsp;<\/p>\n<p>Auf diesen Formen basieren s\u00e4mtliche Atome und Zellstrukturen, alle Kristalle und jedes in einem Organismus enthaltene Element.<\/p>\n<p>&nbsp;<\/p>\n<p>Und so bilden die f\u00fcnf Platonischen K\u00f6rper den alten gro\u00dfen Sch\u00f6pfungsgrund, auf dem alles aufgebaut wurde, denn sie verbinden nun alle Teile der Sch\u00f6pfungselemente und machen aus deren Verbindungen die Sch\u00f6pfung von allem was ist m\u00f6glich. Wunder \u00fcber Wunder&#8230;<\/p>\n<p>&nbsp;<\/p>\n<h2>Der W\u00fcrfel Metatrons<\/h2>\n<p>&nbsp;<\/p>\n<p>Der W\u00fcrfel Metatrons ist ein geometrisches und mathematisches Wunder, denn er beinhaltet und vereint in sich alle f\u00fcnf Platonischen K\u00f6rper. Eigentlich ist die r\u00e4umliche<\/p>\n<p>3D-Form auch kein W\u00fcrfel, sondern vielmehr ein sternf\u00f6rmiges eingerahmtes Gebilde (in esoterischen Kreisen auch der Mutter-Stern genannt).<\/p>\n<p>&nbsp;<\/p>\n<p>Und in dem \u201eSchl\u00fcssel des Enoch\u201c von Prof. J.J. Hurtak wird uns im Schl\u00fcssel 1-0-7 in reiner Form der methaphysische Kontext gegeben: \u201e<em>7 Um in die \u201eMeister-Lichtpyramide\u201c des Vaters einzutreten, die Pyramide hinter allen Zentralkontroll-Pyramiden, ist es notwendig, die Wellenl\u00e4nge Metatrons zu verwenden, die es gestattet, dass die Metatronische Lichtphysik in euch zu wirken beginnt und ihr die planetaren Felder des Lichts sehen k\u00f6nnt, die durch alle h\u00f6heren Intelligenzordnungen hindurch existieren. Ihr k\u00f6nnt sehen, wie die Hierarchien durch den Thron des Vaters vereinigt sind.\u201c<\/em> (Hurtak &#8211; 1.47)<\/p>\n<p>&nbsp;<\/p>\n<p><em>\u201eMetatron ist der \u201eGarment of Shaddai\u201c (die \u201eKleidung Gottes\u201c). Die sichtbare Manifestation der Gottheit als \u201eKleidung des Vaters\u201c. Allm\u00e4chtiger, ewiger Herr und \u201eg\u00f6ttliche Stimme\u201c des Vaters. Erschaffer der \u00e4u\u00dferen Welten. Lehrer und F\u00fchrer zu Enoch und der Sch\u00f6pfer der Schl\u00fcssel. \u201eMetatron ist der Sch\u00f6pfer des Elektrons\u201c.<\/em> (Hurtak &#8211; 1.48)<\/p>\n<p>&nbsp;<\/p>\n<p>Das hei\u00dft, dass diese Form alle Muster der Sch\u00f6pfung und des Sch\u00f6pfers in sich tr\u00e4gt und damit das materielle Kleid und Manifestation darstellt. Und dass diese Form auch Grundlage und Voraussetzung bildet f\u00fcr die \u00dcbertragung des g\u00f6ttlichen Funkens f\u00fcr die Erweckung zum Leben.<\/p>\n<p>&nbsp;<\/p>\n<p>Und es besagt weiterhin, dass wir durch diese Formen auch die h\u00f6heren Ordnungen verstehen k\u00f6nnen bis hin zur g\u00f6ttlichen Ordnung aus dem g\u00f6ttlichen Thron des Sch\u00f6pfervaters EIOUA CHRISTUS.<\/p>\n<p><a class=\"lightbox\" href=\"https:\/\/evol-forum.ch\/dei\/wp-content\/uploads\/sites\/2\/2013\/11\/IMG_3200_L.jpg\"><img loading=\"lazy\" decoding=\"async\" style=\"margin-top: 10px; margin-bottom: 10px; border: 0px initial initial;\" title=\"Der W\u00fcrfel Metathron's\" src=\"https:\/\/evol-forum.ch\/dei\/wp-content\/uploads\/sites\/2\/2013\/11\/IMG_3200.jpg\" alt=\"Der W\u00fcrfel Metathron's\" width=\"445\" height=\"273\" \/><\/a><\/p>\n<p>&nbsp;<\/p>\n<h2><strong>Die Blume des Lebens<\/strong><\/h2>\n<p>&nbsp;<\/p>\n<p>Die \u201eBlume des Lebens\u201c enth\u00e4lt die Muster der Sch\u00f6pfung, die aus dem gro\u00dfen Nichts hervortraten. Sie soll direkt aus dem Sch\u00f6pfungsgedanken und den Grundlagen der Gottheit hervorgegangen sein.<\/p>\n<p>&nbsp;<\/p>\n<p>Dieses geometrische Symbol findet sich wieder in vielen alten Schriften und gro\u00dfen Religionen. In \u00c4gypten, durch Echnaton\u2018s erste monotheistische Religion der Welt, findet sich die Blume des Lebens im Osireion, dem Megalith-Tempel von Abydos (Seti I). In Israel findet man sie in antiken Synagogen in Galill und Mesada.<\/p>\n<p>&nbsp;<\/p>\n<p>Drunvalo erg\u00e4nzt dazu &#8211; durch Thoth &#8211; den gr\u00f6sseren Zusammenhang:<\/p>\n<p><em>\u201eIch wei\u00df, es klingt abenteuerlich (&#8230;) aber diese eine Zeichnung enth\u00e4lt, so Thot, in ihren Proportionen jeden einzelnen Aspekt des Lebens, den es gibt. Sie enth\u00e4lt jede einzelne mathematische Formel, jedes physikalische Gesetz, jede Harmonie in der Musik, jede biologische Form von Leben bis zu eurem spezifischen K\u00f6rper. Sie enth\u00e4lt jedes Atom, jede Dimension, absolut alles, das in Universen, die auf Wellenl\u00e4ngen basieren, anzutreffen ist (&#8230;).\u201c<\/em><\/p>\n<p>(Melchizedek Drunvalo &#8211; 1.49)<\/p>\n<p>&nbsp;<\/p>\n<p>Die Blume des Lebens verbirgt in sich ein anderes heiliges Symbol: Die Frucht des Lebens. Wenn man 13 Kreise aus der Blume des Lebens als Achsen des Sechssterns herauszeichnet (siehe Grafik) erkennt man so ein weiteres wichtiges Muster der Sch\u00f6pfung. Es enth\u00e4lt 13 verbundene und sich informierende Systeme, wobei jedes einzelne einen anderen Aspekt der Wirklichkeit darstellt. So ist dieses Informationssystem in der Lage, uns Zugang zu allem zu gew\u00e4hren was ist, vom menschlichen K\u00f6rper bis hin zu den Galaxien. Im 1. System seien die M\u00f6glichkeiten enthalten, jedes molekulare Gebilde und jede lebende Zellstruktur die im Universum besteht, zu erschaffen.<\/p>\n<p>Und wenn man alle Mittelpunkte der 13 Kreise miteinander verbindet, erhalten wir wieder den W\u00fcrfel Metathrons.<\/p>\n<p>&nbsp;<\/p>\n<p>&nbsp;<\/p>\n<p>&nbsp;<\/p>\n<p>&nbsp;<\/p>\n<p style=\"font: normal normal normal 12px\/normal Helvetica; margin: 0px;\"><span style=\"letter-spacing: 0px;\">Dies ist ein Auszug aus dem Buch\u00a0<a title=\"Buchbestellung DEI VERM\u00c4CHTNIS\" href=\"https:\/\/evol-forum.ch\/buecher-und-ebooks\/\" target=\"_blank\" rel=\"noopener\">DEI VERM\u00c4CHTNIS<\/a>.<\/span><\/p>\n<p>&nbsp;<\/p>\n","protected":false},"excerpt":{"rendered":"<p>Heilige Geometrie Um die Grundlagen f\u00fcr die Sch\u00f6pfungen abzuschlie\u00dfen, bedingt es nur noch die Heilige Geometrie, welche auch die Mathematik und die Zahlen in sich tr\u00e4gt. &nbsp; Die 5 Platonischen K\u00f6rper Die 5 Platonischen K\u00f6rper bilden zusammen alle Grundformen, aus denen die Strukturen der Heiligen Geometrie und der Sch\u00f6pfung hervorgehen. Jede Form in unseren materiellen [&hellip;]<\/p>\n","protected":false},"author":5,"featured_media":0,"parent":0,"menu_order":302,"comment_status":"open","ping_status":"open","template":"","meta":{"_acf_changed":false,"_monsterinsights_skip_tracking":false,"_monsterinsights_sitenote_active":false,"_monsterinsights_sitenote_note":"","_monsterinsights_sitenote_category":0,"footnotes":""},"class_list":["post-22","page","type-page","status-publish","hentry"],"acf":[],"yoast_head":"<!-- This site is optimized with the Yoast SEO plugin v26.4 - https:\/\/yoast.com\/wordpress\/plugins\/seo\/ -->\n<title>Heilige Geometrie - DEI-VERM\u00c4CHTNIS<\/title>\n<meta name=\"robots\" content=\"index, follow, max-snippet:-1, max-image-preview:large, max-video-preview:-1\" \/>\n<link rel=\"canonical\" href=\"https:\/\/evol-forum.ch\/dei\/heilige-geometrie\/\" \/>\n<meta name=\"twitter:label1\" content=\"Gesch\u00e4tzte Lesezeit\" \/>\n\t<meta name=\"twitter:data1\" content=\"5\u00a0Minuten\" \/>\n<script type=\"application\/ld+json\" class=\"yoast-schema-graph\">{\"@context\":\"https:\/\/schema.org\",\"@graph\":[{\"@type\":\"WebPage\",\"@id\":\"https:\/\/evol-forum.ch\/dei\/heilige-geometrie\/\",\"url\":\"https:\/\/evol-forum.ch\/dei\/heilige-geometrie\/\",\"name\":\"Heilige Geometrie - DEI-VERM\u00c4CHTNIS\",\"isPartOf\":{\"@id\":\"https:\/\/evol-forum.ch\/dei\/#website\"},\"primaryImageOfPage\":{\"@id\":\"https:\/\/evol-forum.ch\/dei\/heilige-geometrie\/#primaryimage\"},\"image\":{\"@id\":\"https:\/\/evol-forum.ch\/dei\/heilige-geometrie\/#primaryimage\"},\"thumbnailUrl\":\"https:\/\/evol-forum.ch\/dei\/wp-content\/uploads\/sites\/2\/2013\/11\/IMG_3200.jpg\",\"datePublished\":\"2013-11-19T14:29:35+00:00\",\"dateModified\":\"2018-10-24T14:11:27+00:00\",\"inLanguage\":\"de\",\"potentialAction\":[{\"@type\":\"ReadAction\",\"target\":[\"https:\/\/evol-forum.ch\/dei\/heilige-geometrie\/\"]}]},{\"@type\":\"ImageObject\",\"inLanguage\":\"de\",\"@id\":\"https:\/\/evol-forum.ch\/dei\/heilige-geometrie\/#primaryimage\",\"url\":\"https:\/\/evol-forum.ch\/dei\/wp-content\/uploads\/sites\/2\/2013\/11\/IMG_3200.jpg\",\"contentUrl\":\"https:\/\/evol-forum.ch\/dei\/wp-content\/uploads\/sites\/2\/2013\/11\/IMG_3200.jpg\",\"width\":445,\"height\":273},{\"@type\":\"WebSite\",\"@id\":\"https:\/\/evol-forum.ch\/dei\/#website\",\"url\":\"https:\/\/evol-forum.ch\/dei\/\",\"name\":\"DEI-VERM\u00c4CHTNIS\",\"description\":\"\",\"potentialAction\":[{\"@type\":\"SearchAction\",\"target\":{\"@type\":\"EntryPoint\",\"urlTemplate\":\"https:\/\/evol-forum.ch\/dei\/?s={search_term_string}\"},\"query-input\":{\"@type\":\"PropertyValueSpecification\",\"valueRequired\":true,\"valueName\":\"search_term_string\"}}],\"inLanguage\":\"de\"}]}<\/script>\n<!-- \/ Yoast SEO plugin. -->","yoast_head_json":{"title":"Heilige Geometrie - DEI-VERM\u00c4CHTNIS","robots":{"index":"index","follow":"follow","max-snippet":"max-snippet:-1","max-image-preview":"max-image-preview:large","max-video-preview":"max-video-preview:-1"},"canonical":"https:\/\/evol-forum.ch\/dei\/heilige-geometrie\/","twitter_misc":{"Gesch\u00e4tzte Lesezeit":"5\u00a0Minuten"},"schema":{"@context":"https:\/\/schema.org","@graph":[{"@type":"WebPage","@id":"https:\/\/evol-forum.ch\/dei\/heilige-geometrie\/","url":"https:\/\/evol-forum.ch\/dei\/heilige-geometrie\/","name":"Heilige Geometrie - DEI-VERM\u00c4CHTNIS","isPartOf":{"@id":"https:\/\/evol-forum.ch\/dei\/#website"},"primaryImageOfPage":{"@id":"https:\/\/evol-forum.ch\/dei\/heilige-geometrie\/#primaryimage"},"image":{"@id":"https:\/\/evol-forum.ch\/dei\/heilige-geometrie\/#primaryimage"},"thumbnailUrl":"https:\/\/evol-forum.ch\/dei\/wp-content\/uploads\/sites\/2\/2013\/11\/IMG_3200.jpg","datePublished":"2013-11-19T14:29:35+00:00","dateModified":"2018-10-24T14:11:27+00:00","inLanguage":"de","potentialAction":[{"@type":"ReadAction","target":["https:\/\/evol-forum.ch\/dei\/heilige-geometrie\/"]}]},{"@type":"ImageObject","inLanguage":"de","@id":"https:\/\/evol-forum.ch\/dei\/heilige-geometrie\/#primaryimage","url":"https:\/\/evol-forum.ch\/dei\/wp-content\/uploads\/sites\/2\/2013\/11\/IMG_3200.jpg","contentUrl":"https:\/\/evol-forum.ch\/dei\/wp-content\/uploads\/sites\/2\/2013\/11\/IMG_3200.jpg","width":445,"height":273},{"@type":"WebSite","@id":"https:\/\/evol-forum.ch\/dei\/#website","url":"https:\/\/evol-forum.ch\/dei\/","name":"DEI-VERM\u00c4CHTNIS","description":"","potentialAction":[{"@type":"SearchAction","target":{"@type":"EntryPoint","urlTemplate":"https:\/\/evol-forum.ch\/dei\/?s={search_term_string}"},"query-input":{"@type":"PropertyValueSpecification","valueRequired":true,"valueName":"search_term_string"}}],"inLanguage":"de"}]}},"_links":{"self":[{"href":"https:\/\/evol-forum.ch\/dei\/wp-json\/wp\/v2\/pages\/22","targetHints":{"allow":["GET"]}}],"collection":[{"href":"https:\/\/evol-forum.ch\/dei\/wp-json\/wp\/v2\/pages"}],"about":[{"href":"https:\/\/evol-forum.ch\/dei\/wp-json\/wp\/v2\/types\/page"}],"author":[{"embeddable":true,"href":"https:\/\/evol-forum.ch\/dei\/wp-json\/wp\/v2\/users\/5"}],"replies":[{"embeddable":true,"href":"https:\/\/evol-forum.ch\/dei\/wp-json\/wp\/v2\/comments?post=22"}],"version-history":[{"count":4,"href":"https:\/\/evol-forum.ch\/dei\/wp-json\/wp\/v2\/pages\/22\/revisions"}],"predecessor-version":[{"id":677,"href":"https:\/\/evol-forum.ch\/dei\/wp-json\/wp\/v2\/pages\/22\/revisions\/677"}],"wp:attachment":[{"href":"https:\/\/evol-forum.ch\/dei\/wp-json\/wp\/v2\/media?parent=22"}],"curies":[{"name":"wp","href":"https:\/\/api.w.org\/{rel}","templated":true}]}}