{"id":24,"date":"2013-11-19T16:29:36","date_gmt":"2013-11-19T14:29:36","guid":{"rendered":"https:\/\/evol-forum.ch\/dei\/die-matrix\/"},"modified":"2018-07-19T15:41:51","modified_gmt":"2018-07-19T13:41:51","slug":"die-matrix","status":"publish","type":"page","link":"https:\/\/evol-forum.ch\/dei\/die-matrix\/","title":{"rendered":"Die Matrix"},"content":{"rendered":"<h1>Die Matrix<\/h1>\n<p>Deshalb tr\u00e4gt auch jedes Wesen die drei g\u00f6ttlichen Geschenke und gro\u00dfen Gaben des Lichtes und der Liebe in sich:\u00a0Die Matrix der Gottheit, den Lebensfunken, den nur die Gottheit geben kann,\u00a0und den freien Willen.\u00a0So sollten wir nun ein erweitertes Bild bekommen von dem, was und wie wir eigentlich sind. Daf\u00fcr wenden wir nun zuerst den Blick nach innen, denn neben dem G\u00f6ttlichen Funken und dem freien Willen haben wir weitere gemeinsame g\u00f6ttliche Anlagen in uns, die unserem Sein sehr freudvoll und dienlich sein k\u00f6nnen.<\/p>\n<p>&nbsp;<\/p>\n<p>Jedes Wesen ist schon an sich ein lebendiges Verm\u00e4chtnis, ein Wunderwerk der g\u00f6ttlichen Sch\u00f6pfung. Dieses g\u00f6ttliche Verm\u00e4chtnis ruht in uns selbst, erkennbar und f\u00fchlbar und anwendbar, sofern ein Wesen sein Bewusstsein auch nach innen und auf die Gottheit der unendlichen Liebe richtet.<\/p>\n<p>&nbsp;<\/p>\n<p>So erkennen wir, was wir wirklich sind.<\/p>\n<p>ICH BIN ICH SELBST\u00a0(aram\u00e4isch: EYA ASHER EYA).<\/p>\n<p>&nbsp;<\/p>\n<p>Ich bin ein Wesen g\u00f6ttlicher Sch\u00f6pfung, aus dem Lichte und der Liebe. Ich bin auf meinem selbst gew\u00e4hlten Weg.\u00a0(Diese Worte tragen g\u00f6ttliche Kraft in sich)<\/p>\n<p>&nbsp;<\/p>\n<p>Wir finden dies auch im ber\u00fchmten Zitat von Ren\u00e9 Descartes:<br \/>\n<em>\u201eIch denke, also bin ich\u201c<\/em>. (Descartes &#8211; 2.3)<\/p>\n<p>&nbsp;<\/p>\n<p>Unsere Adaption w\u00e4re vielmehr:<br \/>\n<em>\u201eIch f\u00fchle, also lebe ich\u201c<\/em>.<\/p>\n<p>&nbsp;<\/p>\n<p>&nbsp;<\/p>\n<p>&nbsp;<\/p>\n<h2>Matrix-Visualisierung<\/h2>\n<p>Jeder Mensch ist in seinen 3 K\u00f6rpern<\/p>\n<ul>\n<li>Erdenk\u00f6rper<\/li>\n<li>Mentalk\u00f6rper<\/li>\n<li>Astralk\u00f6rper<\/li>\n<\/ul>\n<p>umgeben von<\/p>\n<ul>\n<li>Merkaba<\/li>\n<li>Kugel<\/li>\n<\/ul>\n<p>tr\u00e4gt in sich<\/p>\n<ul>\n<li>Baum des Lebens<\/li>\n<li>7 Chakras<\/li>\n<\/ul>\n<p>und manifestiert (durch innere Verbindung)<\/p>\n<ul>\n<li>G\u00f6ttliche Liebe<\/li>\n<li>G\u00f6ttlicher Funke<\/li>\n<li>G\u00f6ttlicher (freier) Wille<\/li>\n<\/ul>\n<p>&nbsp;<\/p>\n<p>&nbsp;<\/p>\n<p>&nbsp;<\/p>\n<h2>Die Trinit\u00e4ten in uns<\/h2>\n<p>Zun\u00e4chst m\u00fcssen wir erkennen was wir sind, n\u00e4mlich geistige Licht-Wesen in einem (zur Zeit) materiellen K\u00f6rper. Wir haben ebenso ein geistiges Leben, ein Seelenleben, vor dem man sich unsere materiellen Inkarnationen wie einzelne Tage vorstellen kann. Wir \u201ebestehen\u201c &#8211; grob gesagt &#8211; aus K\u00f6rper, Geist und Seele, resp. Ego, Verstand und Gef\u00fchl.<\/p>\n<p>&nbsp;<\/p>\n<p>Es gilt, eine Art Einheit und innere Ruhe zu finden, indem wir versuchen, unserer Seele (Gef\u00fchl, Herz) die F\u00fchrung zu geben, das bedeutet, daf\u00fcr Sorge zu tragen, dass sie oben im imagin\u00e4ren Dreieck steht und zwischen Geist &amp; Verstand (unten links), sowie K\u00f6rper &amp; Ego (unten rechts), ein Gleichgewicht herstellt.<\/p>\n<p>&nbsp;<\/p>\n<p>Legen wir die beiden Trinit\u00e4ten unseres Seins \u00fcbereinander, entsteht ein Sechsstern.Dann gilt es \u201edie Verbindung herzustellen\u201c zu unserem h\u00f6heren Selbst und zur Quelle in der geistigen Welt.\u00a0Wenn wir dies in offener und ehrlicher Absicht von Herzen tun, wird etwas passieren. Als erstes empfangen wir dann in der Regel unsere Schutzwesen (Schutzengel genannt, obwohl nicht alle Schutz-Wesen wirklich Engel-Wesen aus der Sch\u00f6pfungslinie der Engel sind).\u00a0Dann tritt durch sie und mit ihnen die Verbindung zu Jesus Christus, der g\u00f6ttlichen Familie und Hierarchie wieder ein. Und da erkennen und f\u00fchlen wir in unserem erwachten Bewusstsein:Liebe ist die Quelle allen Seins!<\/p>\n<p>&nbsp;<\/p>\n<p>&nbsp;<\/p>\n<p>&nbsp;<\/p>\n<p><strong>Die Merkaba<\/strong><\/p>\n<p>Die Form des Stern-Tetraeders (aus 2 Tetraedern gebildet) hat seit Urzeiten eine gro\u00dfe Wirkung und Resonanz auf viele Menschen und das ist auch verst\u00e4ndlich, wenn man wei\u00df, dass dies sozusagen das Vehikel des Lebens ist.\u00a0Wenn wir im dimensional methaphysischen Prozess vorgehen und das zweidimensionale Sechseck in die Dreidimensionalit\u00e4t \u00fcberf\u00fchren, erkennen wir die Merkaba (den Stern des Lebens &#8211; gut erkennbar in der Grafik unten).\u00a0Es ist so, dass dieser geometrische Lichtk\u00f6rper uns st\u00e4ndig umgibt, und sich im besten Fall in Drehung befindet und die Aspekte in uns mit der Gottheit verbindet.Der Begriff \u201eMer-Ka-Ba\u201c kommt in verschiedenen alten Schriften und Sprachen vor und bedeutet immer das Gleiche.\u00a0Im Englischen wird es genauso ausgesprochen wie in Aram\u00e4isch oder sogar in Zulu (diese sagen, dass ihr Volk in einer Merkaba aus dem Weltall zur Erde gereist sei).\u00a0Im Hebr\u00e4ischen nennt man sie Mer-Ka-Vah, und das bedeutet gleichzeitig Thron Gottes und ein Fahrzeug, das den menschlichen K\u00f6rper und Geist von einem Ort zum anderen bef\u00f6rdert.Im \u00c4gyptischen setzt sich das Wort \u201eMer-Ka-Ba\u201c aus drei W\u00f6rtern zusammen: Mer ist eine besondere Art von \u201eLicht\u201c, ein gegenl\u00e4ufig rotierendes Lichtfeld; Ka bedeutet \u201eGeist\u201c (oder hier auf Erden \u201emenschlicher Geist\u201c), und Ba bedeutet \u201eInterpretation der Wirklichkeit\u201c, womit der menschliche K\u00f6rper gemeint ist. F\u00fcgt man diese W\u00f6rter sinngem\u00e4\u00df aneinander, so versteht sich die Merkaba als \u201eein gegenl\u00e4ufig rotierendes Lichtfeld, das in Interaktion tritt und Geist und K\u00f6rper von einer Welt in eine andere \u00fcbertr\u00e4gt\u201c, obwohl sie eigentlich noch viel mehr ist. Sie ist eines der Sch\u00f6pfungsmuster selbst, durch die alles, was existiert, entstanden ist.<\/p>\n<p>&nbsp;<\/p>\n<p><strong>Andere Quellen<br \/>\n<\/strong>Prof. J.J. Hurtak gibt folgende Kurzdefinition zur Merkabah &#8211; Aus dem Glossarium der \u201eSchl\u00fcssel des Enoch\u201c:<\/p>\n<p><em>\u201eEin g\u00f6ttliches Lichtvehikel, das von den Meistern benutzt wird, um die Gl\u00e4ubigen in den vielen Dimensionen des G\u00f6ttlichen Geistes (Mind) zu sondieren und zu erreichen. Die Merkabah kann in den physischen Welten viele Formen einer strahlenden Briolette annehmen.&#8220;<\/em> (Hesekiel 1:4-28; 2.K\u00f6nige 2:11)<\/p>\n<p>(Hurtak &#8211; 2.3)<\/p>\n<p>&nbsp;<\/p>\n<p>Drunvalo beschreibt anschaulich die Merkaba und die darauf ausgerichtete Stern-Meditation:<\/p>\n<p><em>\u201eIn den Tagen von Atlantis und davor stand die Weise, wie wir Prana atmeten, in direktem Zusammenhang mit den elektromagnetischen Energiefeldern um unseren K\u00f6rper. Alle Energieformen in unseren energetischen Feldern sind geometrisch, und das, womit wir arbeiten werden, ist ein sternf\u00f6rmiges Tetraeder, das aus zwei ineinander verschachtelten Tetraedern besteht. (&#8230;)Die Spitze des nach oben zeigenden Tetraeders endet eine Handl\u00e4nge weit \u00fcber unserem Kopf, und die Spitze des nach unten zeigenden Tetraeders endet eine Handl\u00e4nge weit unter den F\u00fcssen. Eine Verbindungsr\u00f6hre f\u00fchrt von der oberen Spitze zum unteren Punkt durch die zentralen Energiezentren des K\u00f6rpers, die Chakras. (&#8230;) Sie sieht aus wie eine fluoreszierende Glasr\u00f6hre, nur dass sie an den Enden ein kristallines Gebilde aufweist, das in die beiden Spitzen des sternf\u00f6rmigen Tetrahedrons passt. (&#8230;)Die geometrischen Energiefelder um unseren K\u00f6rper kann man auf eine bestimmte Weise aktivieren, die ebenfalls mit unserem Atem zusammenh\u00e4ngt. Diese Felder pflegten sich ehemals ann\u00e4hernd mit Lichtgeschwindigkeit um unseren K\u00f6rper zu drehen, nach dem Sturz jedoch verlangsamten sie sich und h\u00f6rten schlie\u00dflich auf, sich zu drehen. Wird dieses Feld reaktiviert und beginnt sich wieder zu drehen, so wird es Mer-Ka-Ba genannt, und sein Nutzen in dieser Wirklichkeit ist unvergleichlich. Es verleiht uns ein erweitertes Bewusstsein dessen, wer wir sind, bringt uns mit h\u00f6heren Bewusstseinsebenen in Verbindung und stellt die Erinnerung an die unendlichen M\u00f6glichkeiten unseres Seins wieder her.\u201c\u00a0<\/em><em>\u00a0\u00a0<\/em><\/p>\n<p>(Melchizedek Drunvalo &#8211; 2.4)<\/p>\n<p>&nbsp;<\/p>\n<p>&nbsp;<\/p>\n<p style=\"font: normal normal normal 12px\/normal Helvetica; margin: 0px;\"><span style=\"letter-spacing: 0px;\">Dies ist ein Auszug aus dem Buch\u00a0<a title=\"Buchbestellung DEI VERM\u00c4CHTNIS\" href=\"https:\/\/evol-forum.ch\/buecher-und-ebooks\/\" target=\"_blank\" rel=\"noopener\">DEI VERM\u00c4CHTNIS<\/a>.<\/span><\/p>\n<p>&nbsp;<\/p>\n","protected":false},"excerpt":{"rendered":"<p>Die Matrix Deshalb tr\u00e4gt auch jedes Wesen die drei g\u00f6ttlichen Geschenke und gro\u00dfen Gaben des Lichtes und der Liebe in sich:\u00a0Die Matrix der Gottheit, den Lebensfunken, den nur die Gottheit geben kann,\u00a0und den freien Willen.\u00a0So sollten wir nun ein erweitertes Bild bekommen von dem, was und wie wir eigentlich sind. Daf\u00fcr wenden wir nun zuerst [&hellip;]<\/p>\n","protected":false},"author":5,"featured_media":0,"parent":0,"menu_order":401,"comment_status":"open","ping_status":"open","template":"","meta":{"_acf_changed":false,"_monsterinsights_skip_tracking":false,"_monsterinsights_sitenote_active":false,"_monsterinsights_sitenote_note":"","_monsterinsights_sitenote_category":0,"footnotes":""},"class_list":["post-24","page","type-page","status-publish","hentry"],"acf":[],"yoast_head":"<!-- This site is optimized with the Yoast SEO plugin v26.4 - https:\/\/yoast.com\/wordpress\/plugins\/seo\/ -->\n<title>Die Matrix - DEI-VERM\u00c4CHTNIS<\/title>\n<meta name=\"robots\" content=\"index, follow, max-snippet:-1, max-image-preview:large, max-video-preview:-1\" \/>\n<link rel=\"canonical\" href=\"https:\/\/evol-forum.ch\/dei\/die-matrix\/\" \/>\n<meta name=\"twitter:label1\" content=\"Gesch\u00e4tzte Lesezeit\" \/>\n\t<meta name=\"twitter:data1\" content=\"6\u00a0Minuten\" \/>\n<script type=\"application\/ld+json\" class=\"yoast-schema-graph\">{\"@context\":\"https:\/\/schema.org\",\"@graph\":[{\"@type\":\"WebPage\",\"@id\":\"https:\/\/evol-forum.ch\/dei\/die-matrix\/\",\"url\":\"https:\/\/evol-forum.ch\/dei\/die-matrix\/\",\"name\":\"Die Matrix - DEI-VERM\u00c4CHTNIS\",\"isPartOf\":{\"@id\":\"https:\/\/evol-forum.ch\/dei\/#website\"},\"datePublished\":\"2013-11-19T14:29:36+00:00\",\"dateModified\":\"2018-07-19T13:41:51+00:00\",\"inLanguage\":\"de\",\"potentialAction\":[{\"@type\":\"ReadAction\",\"target\":[\"https:\/\/evol-forum.ch\/dei\/die-matrix\/\"]}]},{\"@type\":\"WebSite\",\"@id\":\"https:\/\/evol-forum.ch\/dei\/#website\",\"url\":\"https:\/\/evol-forum.ch\/dei\/\",\"name\":\"DEI-VERM\u00c4CHTNIS\",\"description\":\"\",\"potentialAction\":[{\"@type\":\"SearchAction\",\"target\":{\"@type\":\"EntryPoint\",\"urlTemplate\":\"https:\/\/evol-forum.ch\/dei\/?s={search_term_string}\"},\"query-input\":{\"@type\":\"PropertyValueSpecification\",\"valueRequired\":true,\"valueName\":\"search_term_string\"}}],\"inLanguage\":\"de\"}]}<\/script>\n<!-- \/ Yoast SEO plugin. -->","yoast_head_json":{"title":"Die Matrix - DEI-VERM\u00c4CHTNIS","robots":{"index":"index","follow":"follow","max-snippet":"max-snippet:-1","max-image-preview":"max-image-preview:large","max-video-preview":"max-video-preview:-1"},"canonical":"https:\/\/evol-forum.ch\/dei\/die-matrix\/","twitter_misc":{"Gesch\u00e4tzte Lesezeit":"6\u00a0Minuten"},"schema":{"@context":"https:\/\/schema.org","@graph":[{"@type":"WebPage","@id":"https:\/\/evol-forum.ch\/dei\/die-matrix\/","url":"https:\/\/evol-forum.ch\/dei\/die-matrix\/","name":"Die Matrix - DEI-VERM\u00c4CHTNIS","isPartOf":{"@id":"https:\/\/evol-forum.ch\/dei\/#website"},"datePublished":"2013-11-19T14:29:36+00:00","dateModified":"2018-07-19T13:41:51+00:00","inLanguage":"de","potentialAction":[{"@type":"ReadAction","target":["https:\/\/evol-forum.ch\/dei\/die-matrix\/"]}]},{"@type":"WebSite","@id":"https:\/\/evol-forum.ch\/dei\/#website","url":"https:\/\/evol-forum.ch\/dei\/","name":"DEI-VERM\u00c4CHTNIS","description":"","potentialAction":[{"@type":"SearchAction","target":{"@type":"EntryPoint","urlTemplate":"https:\/\/evol-forum.ch\/dei\/?s={search_term_string}"},"query-input":{"@type":"PropertyValueSpecification","valueRequired":true,"valueName":"search_term_string"}}],"inLanguage":"de"}]}},"_links":{"self":[{"href":"https:\/\/evol-forum.ch\/dei\/wp-json\/wp\/v2\/pages\/24","targetHints":{"allow":["GET"]}}],"collection":[{"href":"https:\/\/evol-forum.ch\/dei\/wp-json\/wp\/v2\/pages"}],"about":[{"href":"https:\/\/evol-forum.ch\/dei\/wp-json\/wp\/v2\/types\/page"}],"author":[{"embeddable":true,"href":"https:\/\/evol-forum.ch\/dei\/wp-json\/wp\/v2\/users\/5"}],"replies":[{"embeddable":true,"href":"https:\/\/evol-forum.ch\/dei\/wp-json\/wp\/v2\/comments?post=24"}],"version-history":[{"count":4,"href":"https:\/\/evol-forum.ch\/dei\/wp-json\/wp\/v2\/pages\/24\/revisions"}],"predecessor-version":[{"id":625,"href":"https:\/\/evol-forum.ch\/dei\/wp-json\/wp\/v2\/pages\/24\/revisions\/625"}],"wp:attachment":[{"href":"https:\/\/evol-forum.ch\/dei\/wp-json\/wp\/v2\/media?parent=24"}],"curies":[{"name":"wp","href":"https:\/\/api.w.org\/{rel}","templated":true}]}}