{"id":25,"date":"2013-11-19T16:29:36","date_gmt":"2013-11-19T14:29:36","guid":{"rendered":"https:\/\/evol-forum.ch\/dei\/die-erzengel\/"},"modified":"2018-10-24T16:15:01","modified_gmt":"2018-10-24T14:15:01","slug":"die-erzengel","status":"publish","type":"page","link":"https:\/\/evol-forum.ch\/dei\/die-erzengel\/","title":{"rendered":"Die Erzengel"},"content":{"rendered":"<h2>Die Gottheit schuf die 7 Erzengel<\/h2>\n<p>So haben wir nun ein Bild der Matrix aller Wesenheiten nach dem Bilde der Gottheit, und damit waren also die Voraussetzungen f\u00fcr die Erschaffung der Wesenheiten aus dem Licht des Vaters, der Liebe der Mutter, der Kraft des Sohnes und der Weisheit der Tochter begeben.<\/p>\n<p>&nbsp;<\/p>\n<p>Die ersten Wesenheiten &#8211; erschaffen au\u00dferhalb der Gottheit &#8211; sind die sieben Erzengel-Duale. Also sieben weitere, jedoch sozusagen au\u00dferhalb der Gottheit existierende, duale Aspekte der Gottheit resp. sieben duale g\u00f6ttliche Wesen\/Kr\u00e4fte f\u00fcr die weitere Sch\u00f6pfung. Denn vom ersten Wesen au\u00dferhalb der Gottheit an, sind es jeweils ein weiblicher und ein m\u00e4nnlicher Wesens-Teil, die zusammen eine Wesenheit resp. ein Dual-Wesen bilden. Wir k\u00f6nnen uns Duale wie zwei H\u00e4lften vorstellen, denn jedes Licht-Wesen besteht aus einer m\u00e4nnlichen und weiblichen \u201eH\u00e4lfte\u201c, die zusammen ein solches Licht-Dual oder vereintes Wesen bilden. Dies ist der entscheidende Unterschied zwischen der Gottheit und allen erschaffenen und beseelten Wesenheiten:<\/p>\n<p>DEI ist die All-Eine Einheit und wir sind (aus und in ihr) Duale Wesenheiten.<\/p>\n<p>&nbsp;<\/p>\n<p>JESUS CHRISTUS spricht zur Quadrinit\u00e4t der Gottheit und zur Sch\u00f6pfung der sieben Erzengel (durch Jakob Lorber):<\/p>\n<p><em>\u201e12] Und siehe, da wurden also zuerst \u201e12] Und siehe, da wurden also zuerst gebildet drei, (Mutter, Sohn und Tochter-Aspekte): Und aus ihnen gingen hervor sieben! Und die drei waren gleich der Liebe, dem Lichte und der Gottheit; und die sieben waren gleich den sieben Geistern Gottes, und sie hei\u00dfen und werden ewig hei\u00dfen:<\/em><\/p>\n<ol>\n<li><em>(Gabriel) &#8211; Liebet die Liebe.<\/em><\/li>\n<li><em>(Haniel) &#8211; F\u00fcrchtet die Gottheit (&#8230;).<\/em><\/li>\n<li><em>(Michael) &#8211; Die Liebe in euch ist heilig&#8230;<\/em><\/li>\n<li><em>(Raphael)- Jeder ist sein Eigentum (&#8230;).<\/em><\/li>\n<li><em>(Zadakiel) &#8211; Keiner verdecke je sein Antlitz (&#8230;).<\/em><\/li>\n<li><em>(Chamuel) &#8211; Euer Inneres sei auch euer \u00c4u\u00dferes (&#8230;).<\/em><\/li>\n<li><em>(Uriel) &#8211; Euer \u00c4u\u00dferes sei der getreue Widerschein eures inneren Spiegels (&#8230;).\u201c<\/em><\/li>\n<\/ol>\n<p>(Lorber &#8211; 2.13)<\/p>\n<p>&nbsp;<\/p>\n<p>Doch fast jede Quelle nennt andere Namen f\u00fcr die 7 &#8211; 14 Erzengel. Teilweise sind diese \u00e4hnlich, teilweise wird einfach ein anderer Name genannt (wobei diese Wesen in der geistigen Welt auch mehrere Namen und Titel haben, die ihre Funktion umschreiben). Unsere folgende Darstellung ist fast identisch mit den 7 Erzengeln des Alten Testaments und erg\u00e4nzt gem. Buch Henoch und eigenen Quellen. Wir waren erstaunt, als diese dann identisch war mit der Darstellung von Rudolf Steiner. Der Einfachheit halber werden von hier an nur noch die Namen der m\u00e4nnlichen Erzengel-Duale genannt, es sind jedoch immer auch die weiblichen Duale gemeint.<\/p>\n<p>&nbsp;<\/p>\n<p>&nbsp;<\/p>\n<h2>Die Gottheit schuf mit den\u00a07 Erzengeln die Wesen<\/h2>\n<p>Mit den sieben Erzengel-Dualen erschufen Eioua und Enea (Jesus und Sophia Christus als Sohn-Tochter-Aspekte) dann alle weiteren Wesen.\u00a0Und so war es eigentlich Eioua, der die Sch\u00f6pfung weiterf\u00fchrte.<\/p>\n<p>&nbsp;<\/p>\n<p>Die Erzengel wiederum erschufen in der geistigen Welt mit und unter g\u00f6ttlicher F\u00fchrung von Joshua Christus unz\u00e4hlige Wesen und Sch\u00f6pfungen im Einklang mit Gott-Vaters Sch\u00f6pfungsplan. Doch obgleich diese h\u00f6chsten Licht-Wesen der g\u00f6ttlichen Hierarchie geistige Sch\u00f6pfungen erschaffen konnten, so konnten sie bei Lebewesen \u201enur\u201c das Wesen an sich erschaffen aus den g\u00f6ttlichen Elementen der Sch\u00f6pfung, doch den Lebensfunken kann bis heute einzig die Vater-Mutter-Gottheit geben, die Quelle allen Seins (der g\u00f6ttliche Funke\/Odem in uns und in jedem Lebewesen der g\u00f6ttlichen Sch\u00f6pfung).<\/p>\n<p>&nbsp;<\/p>\n<p>Eioua hat also die ganze Sch\u00f6pfung gegeben (als Pankreator), und die Erzengel haben sie umgesetzt, indem sie diese Christus KEJE* zusammen zur geistigen Manifestation brachten, durch die Macht der Gottheit, die in ihnen und durch sie wirkte.<\/p>\n<p>&nbsp;<\/p>\n<p>Dann folgte eine lange Zeit des Gl\u00fccks, die gem\u00e4\u00df geistiger Welt Myriaden* dauerte, in der die DEI-Wesen einfach selig gl\u00fccklich waren, denn es war die Liebe, die ihr Sein bestimmte, und Herrlichkeiten \u00fcber Herrlichkeiten wurden den gottesgeistigen Erzengeln von Jesus und Uru, dem Ur-Umischpad aller gegeben (geistige Bezeichnungen f\u00fcr den Abba, den Vater, den Einen Gott, der Alles ist).<\/p>\n<p>&nbsp;<\/p>\n<p>Die g\u00f6ttliche Sch\u00f6pfung der Wesen und die Seelen-Hierarchie sind gewaltig und f\u00fcr uns mit dem menschlichem Verstand und unserem Weltbild im Grunde gar nicht erfassbar oder ermessbar. Doch es hilft zur Orientierung, wenn wir auch davon eine Vorstellung haben, wie sich die Sch\u00f6pfungslinien und Wesen entwickelten.<\/p>\n<p>&nbsp;<\/p>\n<p>So entstanden aus jedem einzelnen Erzengel-Dual \u00fcber gro\u00dfe Zeitenr\u00e4ume hinweg je eine Lux-Rasse (Engel-Rasse) und je eine Dei-Rasse (Gottes-Rasse).<\/p>\n<p>So wollen wir nun kurz zusammen betrachten, welche Aufgaben die Engel-Rassen haben, und dann zu den Gottes-Rassen und uns Menschen in unseren Welten \u00fcbergehen&#8230;<\/p>\n<p>&nbsp;<\/p>\n<p>* Anmerkung des Autors:<\/p>\n<p>Diese Christus-Kraft wirkt auch noch heute weiter als die Erdenkraft der Sch\u00f6pfung, denn KEJE hei\u00dft und steht auch f\u00fcr Erl\u00f6sung und Kegel Jesu. Diese DEIhaften Kegel des Lichts, erm\u00f6glichen die Entwicklung der Lebewesen, denn sie sind einfach die Voraussetzung daf\u00fcr, dass Leben \u00fcberhaupt stattfinden kann. Und das Wort DEI steht schlie\u00dflich f\u00fcr \u201eg\u00f6ttlich\u201c).<\/p>\n<p>&nbsp;<\/p>\n<p>** Anmerkung des Autors:<\/p>\n<p>Im geistigen Sinne w\u00e4re eine Myriade 10&#8217;000 Millionen resp. 10 Milliarden Jahre.<\/p>\n<p><em>&#8222;Die Myriade (griechisch, dann auch im Lateinischen) steht f\u00fcr eine Anzahl von 10.000 (altgriech. myrias). Der Plural Myriaden steht oft f\u00fcr eine unz\u00e4hlbare Menge (griech. myrios: unz\u00e4hlig, unendlich).&#8220; <\/em> (Wikipedia &#8211; 2.26)<\/p>\n<p>&nbsp;<\/p>\n<p>&nbsp;<\/p>\n<p>&nbsp;<\/p>\n<p style=\"font: normal normal normal 12px\/normal Helvetica; margin: 0px;\"><span style=\"letter-spacing: 0px;\">Dies ist ein Auszug aus dem Buch\u00a0<a title=\"Buchbestellung DEI VERM\u00c4CHTNIS\" href=\"https:\/\/evol-forum.ch\/buecher-und-ebooks\/\" target=\"_blank\" rel=\"noopener\">DEI VERM\u00c4CHTNIS<\/a>.<\/span><\/p>\n<p>&nbsp;<\/p>\n","protected":false},"excerpt":{"rendered":"<p>Die Gottheit schuf die 7 Erzengel So haben wir nun ein Bild der Matrix aller Wesenheiten nach dem Bilde der Gottheit, und damit waren also die Voraussetzungen f\u00fcr die Erschaffung der Wesenheiten aus dem Licht des Vaters, der Liebe der Mutter, der Kraft des Sohnes und der Weisheit der Tochter begeben. &nbsp; Die ersten Wesenheiten [&hellip;]<\/p>\n","protected":false},"author":5,"featured_media":0,"parent":0,"menu_order":402,"comment_status":"open","ping_status":"open","template":"","meta":{"_acf_changed":false,"_monsterinsights_skip_tracking":false,"_monsterinsights_sitenote_active":false,"_monsterinsights_sitenote_note":"","_monsterinsights_sitenote_category":0,"footnotes":""},"class_list":["post-25","page","type-page","status-publish","hentry"],"acf":[],"yoast_head":"<!-- This site is optimized with the Yoast SEO plugin v26.4 - https:\/\/yoast.com\/wordpress\/plugins\/seo\/ -->\n<title>Die Erzengel - DEI-VERM\u00c4CHTNIS<\/title>\n<meta name=\"robots\" content=\"index, follow, max-snippet:-1, max-image-preview:large, max-video-preview:-1\" \/>\n<link rel=\"canonical\" href=\"https:\/\/evol-forum.ch\/dei\/die-erzengel\/\" \/>\n<meta name=\"twitter:label1\" content=\"Gesch\u00e4tzte Lesezeit\" \/>\n\t<meta name=\"twitter:data1\" content=\"4\u00a0Minuten\" \/>\n<script type=\"application\/ld+json\" class=\"yoast-schema-graph\">{\"@context\":\"https:\/\/schema.org\",\"@graph\":[{\"@type\":\"WebPage\",\"@id\":\"https:\/\/evol-forum.ch\/dei\/die-erzengel\/\",\"url\":\"https:\/\/evol-forum.ch\/dei\/die-erzengel\/\",\"name\":\"Die Erzengel - DEI-VERM\u00c4CHTNIS\",\"isPartOf\":{\"@id\":\"https:\/\/evol-forum.ch\/dei\/#website\"},\"datePublished\":\"2013-11-19T14:29:36+00:00\",\"dateModified\":\"2018-10-24T14:15:01+00:00\",\"inLanguage\":\"de\",\"potentialAction\":[{\"@type\":\"ReadAction\",\"target\":[\"https:\/\/evol-forum.ch\/dei\/die-erzengel\/\"]}]},{\"@type\":\"WebSite\",\"@id\":\"https:\/\/evol-forum.ch\/dei\/#website\",\"url\":\"https:\/\/evol-forum.ch\/dei\/\",\"name\":\"DEI-VERM\u00c4CHTNIS\",\"description\":\"\",\"potentialAction\":[{\"@type\":\"SearchAction\",\"target\":{\"@type\":\"EntryPoint\",\"urlTemplate\":\"https:\/\/evol-forum.ch\/dei\/?s={search_term_string}\"},\"query-input\":{\"@type\":\"PropertyValueSpecification\",\"valueRequired\":true,\"valueName\":\"search_term_string\"}}],\"inLanguage\":\"de\"}]}<\/script>\n<!-- \/ Yoast SEO plugin. -->","yoast_head_json":{"title":"Die Erzengel - DEI-VERM\u00c4CHTNIS","robots":{"index":"index","follow":"follow","max-snippet":"max-snippet:-1","max-image-preview":"max-image-preview:large","max-video-preview":"max-video-preview:-1"},"canonical":"https:\/\/evol-forum.ch\/dei\/die-erzengel\/","twitter_misc":{"Gesch\u00e4tzte Lesezeit":"4\u00a0Minuten"},"schema":{"@context":"https:\/\/schema.org","@graph":[{"@type":"WebPage","@id":"https:\/\/evol-forum.ch\/dei\/die-erzengel\/","url":"https:\/\/evol-forum.ch\/dei\/die-erzengel\/","name":"Die Erzengel - DEI-VERM\u00c4CHTNIS","isPartOf":{"@id":"https:\/\/evol-forum.ch\/dei\/#website"},"datePublished":"2013-11-19T14:29:36+00:00","dateModified":"2018-10-24T14:15:01+00:00","inLanguage":"de","potentialAction":[{"@type":"ReadAction","target":["https:\/\/evol-forum.ch\/dei\/die-erzengel\/"]}]},{"@type":"WebSite","@id":"https:\/\/evol-forum.ch\/dei\/#website","url":"https:\/\/evol-forum.ch\/dei\/","name":"DEI-VERM\u00c4CHTNIS","description":"","potentialAction":[{"@type":"SearchAction","target":{"@type":"EntryPoint","urlTemplate":"https:\/\/evol-forum.ch\/dei\/?s={search_term_string}"},"query-input":{"@type":"PropertyValueSpecification","valueRequired":true,"valueName":"search_term_string"}}],"inLanguage":"de"}]}},"_links":{"self":[{"href":"https:\/\/evol-forum.ch\/dei\/wp-json\/wp\/v2\/pages\/25","targetHints":{"allow":["GET"]}}],"collection":[{"href":"https:\/\/evol-forum.ch\/dei\/wp-json\/wp\/v2\/pages"}],"about":[{"href":"https:\/\/evol-forum.ch\/dei\/wp-json\/wp\/v2\/types\/page"}],"author":[{"embeddable":true,"href":"https:\/\/evol-forum.ch\/dei\/wp-json\/wp\/v2\/users\/5"}],"replies":[{"embeddable":true,"href":"https:\/\/evol-forum.ch\/dei\/wp-json\/wp\/v2\/comments?post=25"}],"version-history":[{"count":5,"href":"https:\/\/evol-forum.ch\/dei\/wp-json\/wp\/v2\/pages\/25\/revisions"}],"predecessor-version":[{"id":626,"href":"https:\/\/evol-forum.ch\/dei\/wp-json\/wp\/v2\/pages\/25\/revisions\/626"}],"wp:attachment":[{"href":"https:\/\/evol-forum.ch\/dei\/wp-json\/wp\/v2\/media?parent=25"}],"curies":[{"name":"wp","href":"https:\/\/api.w.org\/{rel}","templated":true}]}}