{"id":31,"date":"2013-11-19T16:29:37","date_gmt":"2013-11-19T14:29:37","guid":{"rendered":"https:\/\/evol-forum.ch\/dei\/der-vergleich\/"},"modified":"2018-10-24T16:25:35","modified_gmt":"2018-10-24T14:25:35","slug":"der-vergleich","status":"publish","type":"page","link":"https:\/\/evol-forum.ch\/dei\/der-vergleich\/","title":{"rendered":"Der Vergleich"},"content":{"rendered":"<h1>Die 4 Weltreligionen im Vergleich<\/h1>\n<p>&nbsp;<\/p>\n<ul>\n<li><strong>Hinduismus<\/strong><\/li>\n<li><strong>Buddhismus<\/strong><\/li>\n<li><strong>Christentum<\/strong><\/li>\n<li><strong>Islam\u00a0<\/strong><\/li>\n<\/ul>\n<p>&nbsp;<\/p>\n<p>Diese vier Weltreligionen haben sich bis heute in dieser Abfolge durchgesetzt, auch wenn es bei allen Spaltungen und Ableger gab. Doch l\u00e4sst sich heute feststellen, dass das Christum r\u00fcckl\u00e4ufig ist, der Hinduismus stagniert, und der Islam sowie der Buddhismus zunehmen.<\/p>\n<p>&nbsp;<\/p>\n<p>Die Religionen sind sich wirklich \u00fcberraschend \u00e4hnlich und geh\u00f6ren eigentlich sogar zusammen, wenn man sie mehrstufig und nach Regionen und Kultur betrachtet.<\/p>\n<p>&nbsp;<\/p>\n<p>Mit Christen sind eigentlich Wesen gemeint, die das Christus-Bewusstsein erreicht haben und das ist bei den meisten nun wirklich nicht der Fall. Zudem k\u00f6nnen nat\u00fcrlich Moslems, Buddhisten, Hindus und alle anderen Menschen, die den inneren Weg der Liebe zur Gottheit gehen, das Liebes-Bewusstsein des Christus genauso erreichen. Und wenn man einmal den sachlichen Vergleich der eigentlichen Inhalte der vier Weltreligionen macht, und deren heutige Kirchenformen, Interpretationen und Instrumentalisierungen und gegenseitige Vorurteile einmal ausblendet, dann sind die \u00dcbereinstimmungen mehr als nur ein Nachdenken wert&#8230;<\/p>\n<p>&nbsp;<\/p>\n<p>Und wenn man dazu noch all die verschiedenen Namen und Zeremonien wegl\u00e4sst und die Kernaussagen vergleicht, ist man erstaunt ob der hohen \u00dcbereinstimmung, da die Aussagen letztendlich allesamt \u00fcbereinstimmen. Dies ist vor allem dort der Fall, wo es um die Sinnfrage dar\u00fcber geht, woher wir kommen und wohin wir gehen, also in der Genesis.<\/p>\n<p>&nbsp;<\/p>\n<p><strong>Einheitliche Aussagen der Weltreligionen:<\/strong><\/p>\n<p>&nbsp;<\/p>\n<ul>\n<li>Es gibt nur eine Gottheit<\/li>\n<li>Die Gottheit hat Aspekte<\/li>\n<li>Die Gottheit zeigt sich als Trinit\u00e4t (meist Vater-, Sohn- &amp; Geist-Aspekt. Vater\/Sohn\/Heiliger Geist in der christlichen und Brahma\/Vishnu\/Shiva in der vedischen Lehre. Der Islam kennt keine Trinit\u00e4t).<\/li>\n<li>Die Gottheit erschuf die Welten, die Lebewesen und alles was ist.<\/li>\n<li>Die Menschen als deren \u201eAbbilder\u201c sind in sich ebenfalls eine Trinit\u00e4t (K\u00f6rper, Geist, Seele) und haben den freien Willen.<\/li>\n<li>Eines der h\u00f6chsten Wesen lehnte sich gegen die Gottheit auf und wurde zusammen mit allen ihm verbundenen Wesen in\u00a0die Materiellen Welten entr\u00fcckt.<\/li>\n<li>Die Bestimmung aller Wesen sei, zur Gottheit in die Geistigen Welten zur\u00fcckzukehren durch L\u00e4uterung (Reinkarnation), Erkenntnis und Hinwendung.<\/li>\n<li>Daf\u00fcr seien uns die Propheten und die Lehren gegeben worden, die besagen,\u00a0dass wir selbst durch unser Tun unseren Weg und unseren Aufstieg bestimmen.<\/li>\n<li>Ziel ist ein harmonisches Leben mit sich und seinen Mitmenschen zu f\u00fchren, Ruhe und Klarheit zu erlangen, und die Gottheit in uns und den anderen zu erkennen.<\/li>\n<li>So gelangen wir zur Liebe zu allem was ist, und erkennen den gr\u00f6\u00dferen Zusammenhang (Erleuchtung). So wird auch das Innere erleuchtet, unser F\u00fchlen, W\u00fcnschen, Denken und Handeln kommen in Einklang und wir begeben uns auf den Heimweg in die Geistigen Welten.<\/li>\n<li>Dies gelinge am einfachsten in einer geistigen Gemeinschaft. Deshalb gehen die Gl\u00e4ubigen oft in ein \u201eGotteshaus\u201c um die Gottheit anzubeten (Kirche, Mosche, Tempel), wobei wir den wahren Tempel erst in uns selbst finden.<\/li>\n<\/ul>\n<p>&nbsp;<\/p>\n<p>Stellen wir einen kurzen Vergleich an, um zu einer offenen, \u00fcberkonfessionellen Gesamtschau dar\u00fcber zu gelangen, was die Weltreligionen eigentlich aussagen.<\/p>\n<p>&nbsp;<\/p>\n<p>Dies soll uns helfen, die anderen Religionen zu respektieren. Danach sind wir bereit, uns der Geschichte Jesu und dem, was seither f\u00fcr alle Wesen auf Erden m\u00f6glich geworden ist &#8211; egal welcher Religion sie heute angeh\u00f6ren &#8211; zuzuwenden&#8230;<\/p>\n<p>&nbsp;<\/p>\n<p>&nbsp;<\/p>\n<p>&nbsp;<\/p>\n<p>&nbsp;<\/p>\n<p style=\"font: normal normal normal 12px\/normal Helvetica; margin: 0px;\"><span style=\"letter-spacing: 0px;\">Dies ist ein Auszug aus dem Buch\u00a0<a title=\"Buchbestellung DEI VERM\u00c4CHTNIS\" href=\"https:\/\/evol-forum.ch\/buecher-und-ebooks\/\" target=\"_blank\" rel=\"noopener\">DEI VERM\u00c4CHTNIS<\/a>.<\/span><\/p>\n<p>&nbsp;<\/p>\n","protected":false},"excerpt":{"rendered":"<p>Die 4 Weltreligionen im Vergleich &nbsp; Hinduismus Buddhismus Christentum Islam\u00a0 &nbsp; Diese vier Weltreligionen haben sich bis heute in dieser Abfolge durchgesetzt, auch wenn es bei allen Spaltungen und Ableger gab. Doch l\u00e4sst sich heute feststellen, dass das Christum r\u00fcckl\u00e4ufig ist, der Hinduismus stagniert, und der Islam sowie der Buddhismus zunehmen. &nbsp; Die Religionen sind [&hellip;]<\/p>\n","protected":false},"author":5,"featured_media":0,"parent":0,"menu_order":601,"comment_status":"open","ping_status":"open","template":"","meta":{"_acf_changed":false,"_monsterinsights_skip_tracking":false,"_monsterinsights_sitenote_active":false,"_monsterinsights_sitenote_note":"","_monsterinsights_sitenote_category":0,"footnotes":""},"class_list":["post-31","page","type-page","status-publish","hentry"],"acf":[],"yoast_head":"<!-- This site is optimized with the Yoast SEO plugin v26.4 - https:\/\/yoast.com\/wordpress\/plugins\/seo\/ -->\n<title>Der Vergleich - DEI-VERM\u00c4CHTNIS<\/title>\n<meta name=\"robots\" content=\"index, follow, max-snippet:-1, max-image-preview:large, max-video-preview:-1\" \/>\n<link rel=\"canonical\" href=\"https:\/\/evol-forum.ch\/dei\/der-vergleich\/\" \/>\n<meta name=\"twitter:label1\" content=\"Gesch\u00e4tzte Lesezeit\" \/>\n\t<meta name=\"twitter:data1\" content=\"3\u00a0Minuten\" \/>\n<script type=\"application\/ld+json\" class=\"yoast-schema-graph\">{\"@context\":\"https:\/\/schema.org\",\"@graph\":[{\"@type\":\"WebPage\",\"@id\":\"https:\/\/evol-forum.ch\/dei\/der-vergleich\/\",\"url\":\"https:\/\/evol-forum.ch\/dei\/der-vergleich\/\",\"name\":\"Der Vergleich - DEI-VERM\u00c4CHTNIS\",\"isPartOf\":{\"@id\":\"https:\/\/evol-forum.ch\/dei\/#website\"},\"datePublished\":\"2013-11-19T14:29:37+00:00\",\"dateModified\":\"2018-10-24T14:25:35+00:00\",\"inLanguage\":\"de\",\"potentialAction\":[{\"@type\":\"ReadAction\",\"target\":[\"https:\/\/evol-forum.ch\/dei\/der-vergleich\/\"]}]},{\"@type\":\"WebSite\",\"@id\":\"https:\/\/evol-forum.ch\/dei\/#website\",\"url\":\"https:\/\/evol-forum.ch\/dei\/\",\"name\":\"DEI-VERM\u00c4CHTNIS\",\"description\":\"\",\"potentialAction\":[{\"@type\":\"SearchAction\",\"target\":{\"@type\":\"EntryPoint\",\"urlTemplate\":\"https:\/\/evol-forum.ch\/dei\/?s={search_term_string}\"},\"query-input\":{\"@type\":\"PropertyValueSpecification\",\"valueRequired\":true,\"valueName\":\"search_term_string\"}}],\"inLanguage\":\"de\"}]}<\/script>\n<!-- \/ Yoast SEO plugin. -->","yoast_head_json":{"title":"Der Vergleich - DEI-VERM\u00c4CHTNIS","robots":{"index":"index","follow":"follow","max-snippet":"max-snippet:-1","max-image-preview":"max-image-preview:large","max-video-preview":"max-video-preview:-1"},"canonical":"https:\/\/evol-forum.ch\/dei\/der-vergleich\/","twitter_misc":{"Gesch\u00e4tzte Lesezeit":"3\u00a0Minuten"},"schema":{"@context":"https:\/\/schema.org","@graph":[{"@type":"WebPage","@id":"https:\/\/evol-forum.ch\/dei\/der-vergleich\/","url":"https:\/\/evol-forum.ch\/dei\/der-vergleich\/","name":"Der Vergleich - DEI-VERM\u00c4CHTNIS","isPartOf":{"@id":"https:\/\/evol-forum.ch\/dei\/#website"},"datePublished":"2013-11-19T14:29:37+00:00","dateModified":"2018-10-24T14:25:35+00:00","inLanguage":"de","potentialAction":[{"@type":"ReadAction","target":["https:\/\/evol-forum.ch\/dei\/der-vergleich\/"]}]},{"@type":"WebSite","@id":"https:\/\/evol-forum.ch\/dei\/#website","url":"https:\/\/evol-forum.ch\/dei\/","name":"DEI-VERM\u00c4CHTNIS","description":"","potentialAction":[{"@type":"SearchAction","target":{"@type":"EntryPoint","urlTemplate":"https:\/\/evol-forum.ch\/dei\/?s={search_term_string}"},"query-input":{"@type":"PropertyValueSpecification","valueRequired":true,"valueName":"search_term_string"}}],"inLanguage":"de"}]}},"_links":{"self":[{"href":"https:\/\/evol-forum.ch\/dei\/wp-json\/wp\/v2\/pages\/31","targetHints":{"allow":["GET"]}}],"collection":[{"href":"https:\/\/evol-forum.ch\/dei\/wp-json\/wp\/v2\/pages"}],"about":[{"href":"https:\/\/evol-forum.ch\/dei\/wp-json\/wp\/v2\/types\/page"}],"author":[{"embeddable":true,"href":"https:\/\/evol-forum.ch\/dei\/wp-json\/wp\/v2\/users\/5"}],"replies":[{"embeddable":true,"href":"https:\/\/evol-forum.ch\/dei\/wp-json\/wp\/v2\/comments?post=31"}],"version-history":[{"count":3,"href":"https:\/\/evol-forum.ch\/dei\/wp-json\/wp\/v2\/pages\/31\/revisions"}],"predecessor-version":[{"id":631,"href":"https:\/\/evol-forum.ch\/dei\/wp-json\/wp\/v2\/pages\/31\/revisions\/631"}],"wp:attachment":[{"href":"https:\/\/evol-forum.ch\/dei\/wp-json\/wp\/v2\/media?parent=31"}],"curies":[{"name":"wp","href":"https:\/\/api.w.org\/{rel}","templated":true}]}}