{"id":32,"date":"2013-11-19T16:29:37","date_gmt":"2013-11-19T14:29:37","guid":{"rendered":"https:\/\/evol-forum.ch\/dei\/die-niederkunft-christi\/"},"modified":"2021-04-26T12:50:32","modified_gmt":"2021-04-26T10:50:32","slug":"die-niederkunft-christi","status":"publish","type":"page","link":"https:\/\/evol-forum.ch\/dei\/die-niederkunft-christi\/","title":{"rendered":"Die Niederkunft Christi"},"content":{"rendered":"<h1>Die Niederkunft Christi<\/h1>\n<h2><\/h2>\n<h2>Die (vollst\u00e4ndigere) Geschichte\u00a0von Jesus Christus Inkarnation\u00a0auf Erden<\/h2>\n<p>&nbsp;<\/p>\n<p><span style=\"font-weight: normal; font-size: 10px;\">So ist also allen 4 Weltreligionen gemeinsam, dass durch die eine Gottheit ein g\u00f6ttliches Wesen auf die Erde kommt, um den Kreislauf des Leidens aufzul\u00f6sen.\u00a0<\/span>Zwei der Weltreligionen, der Islam und das Christentum, sowie dessen Abspaltung, das Judentum, beziehen sich auf dieselbe Quelle des Alten Testaments und k\u00fcnden den Erl\u00f6ser an. Also gehen wir nun einmal davon aus, dass der Liebek\u00f6nig wirklich der vielfach medial angek\u00fcndigte Erl\u00f6ser ist. Jesus Christus kam auf unsere Erde, inkarniert sich sozusagen aus den h\u00f6chsten H\u00f6hen in die tiefsten Tiefen. Er hat diesen Weg von langer Hand vorbereitet und angek\u00fcndigt durch alle gro\u00dfen Propheten.<\/p>\n<p>&nbsp;<\/p>\n<p>Wieso h\u00e4tten sonst alle diese Propheten dieselben Durchgaben empfangen? Wahrlich, er selbst ist zu uns gekommen, obwohl zwei Erzengel dies f\u00fcr ihn auf sich nehmen wollten. Er hat uns die Lehre der Liebe und den Weg hin zu Gottvater gelehrt und vorgelebt.<\/p>\n<p>&nbsp;<\/p>\n<p>Leider ist von seinem Leben und seinen Worten in der \u201e\u00dcberlieferung\u201c durch die Bibel resp. die Kirche nur noch wenig im Original oder verst\u00e4ndlich vorhanden, weil derart viel ver\u00e4ndert und herausgenommen wurde.<\/p>\n<p>&nbsp;<\/p>\n<p>F\u00fcr mich pers\u00f6nlich finden sich die wahrheitsgetreusten und liebevollsten Darstellungen zum Leben und Wirken Jesu in den Werken von Jakob Lorber. Vor allem die Sammelb\u00e4nde\u00a0\u201eDas Leben Jesu\u201c und das Buch\u00a0\u201eDie 3 Tage im Tempel\u201c.<\/p>\n<p>&nbsp;<\/p>\n<p>Sein Erdenleben verlief einfach gesagt in 4 Stufen, der Jugend, der Bewusstwerdung, der Annahme seines Amtes und der Erl\u00f6sungstat.\u00a0Er wurde durch eine reine Frau und einen weisen Mann in eine arme Handwerkerfamilie geboren, deren Familien jedoch treu in den alten Linien verankert und den Lehren des Tempels treu geblieben waren. Betlehem liegt nahe Jerusalem, wodurch Jesus von klein auf in Ber\u00fchrung mit dem Tempel und seinen Pharis\u00e4ern kam, ebenso wie mit den R\u00f6mischen Besatzern. Nachdem Stadthalter Herodes jedoch alle Erstgeborenen t\u00f6ten lie\u00df, floh die Familie mit dem kleinen Jesuskind nach \u00c4gypten, um den Jungen gesch\u00fctzt heranwachsen zu lassen. Das erkl\u00e4rt auch, weshalb \u00fcber seine Jugend keine Zeugnisse vorliegen.<\/p>\n<p>&nbsp;<\/p>\n<p>Erst als Jesus 12 Jahre alt war, zog die Familie nach Jerusalem zur\u00fcck, und es folgten die ber\u00fchmten 3 Tage im Tempel, wo Jesus die Pharis\u00e4er \u00fcber ihre Irrt\u00fcmer bei der Interpretation der alten Schriften belehrte. Von da an haben sie ihn zum Gottesl\u00e4sterer und Feind erkl\u00e4rt, statt seine g\u00f6ttliche Sendung zu erkennen.\u00a0Doch begann da auch sein inneres Erkennen und seine Bewusstwerdung dahingehend, wer er war und was ihn ihm zur Vollendung reifte. Dieser Prozess habe etwa 12 Jahre gedauert, vollzog sich also bis zu seinem 24. Lebensjahr.\u00a0In den n\u00e4chsten 4 Jahren folgten seine L\u00e4uterungen in der Einsamkeit und mit 28 Jahren dann die Annahme des Amtes.\u00a0In dieser Zeit hat Jesus zwei weitere Reisen nach \u00c4gypten gemacht. Darauf folgten die Lehrjahre mit seinen Aposteln, bis zu seiner alles durchdringenden Erl\u00f6sungstat durch und nach seinem Kreuzestod.<\/p>\n<p>&nbsp;<\/p>\n<p>Der Hauptgrund f\u00fcr seine Niederkunft, und das mag f\u00fcr viele im ersten Moment schwer verst\u00e4ndlich sein, war nicht die Lehre der N\u00e4chstenliebe und die R\u00fcckkehr in die Geistige Welt, sondern vor allem das Durchbrechen der Macht Haniel\u2018s und der Manipulationen durch seine Vorherschaft.<\/p>\n<p>&nbsp;<\/p>\n<p>Jesus Christus hat es errungen, ohne auf seine G\u00f6ttlichkeit zur\u00fcckzugreifen, sozusagen als Mensch, alle Stufen des Aufstiegs und der Erkenntnis durchzustehen. Und er hat aus Liebe zu allen Wesen (auch zu den Gott-abgewandten Dunkel-Wesen) den k\u00f6rperlichen Tod auf sich genommen, obwohl er zu diesem Zeitpunkt bereits wieder \u00fcber die geistige Macht verf\u00fcgte, alles auf der Stelle zu ver\u00e4ndern. Doch er war bereit, durch den irdischen Tod auch die letzte Erniedrigung der Kreuzigung auf sich nehmen, von der Haniel \u00fcberzeugt war, dass der Gottessohn dies nicht an sich geschehen lassen w\u00fcrde. Er dachte, Eioua w\u00fcrde seine bereits bewusst gewordenen ungeheuren Kr\u00e4fte wirken lassen w\u00fcrde, um zu verhindern, dass er mit Dieben und M\u00f6rdern wie ein Verbrecher gekreuzigt wird, und damit w\u00e4re er f\u00fcr ihn gescheitert. Doch Jesus Christus lie\u00df es \u00fcber sich ergehen und verzieh sterbend allen, die ihm in Unwissenheit Leid zugef\u00fcgt haben.<\/p>\n<p>Doch danach fuhr er umso machtvoller durch alle Sph\u00e4ren der materiellen Dimensionen, begleitet von Erzengel Michael und den Heeren des Lichtes, um Haniel und seine Heerscharen zu besiegen und ihn als Verlierer vorzuf\u00fchren. So kniete der Widersacher als Verlierer vor Jesus Christus, doch immer noch in derselben Haltung, dass dies sein Reich und er die Gottheit sei, seit er aus der geistigen Welt entr\u00fcckt worden sei. Sein freier Wille.<\/p>\n<p>&nbsp;<\/p>\n<p>Jesus hat ihn gerichtet, aber nicht get\u00f6tet oder seinen Gottesfunken ausgel\u00f6scht.\u00a0Doch Haniels Macht und sein Einfluss sind seither massiv reduziert. So k\u00f6nnen er und die Seinen seither nicht mehr direkt auf die Seelen der Wesen zugreifen, wie dies vorher m\u00f6glich war.\u00a0Drei Tage und N\u00e4chte dauerte dieser Kampf um die Seelen der sieben Gottes-Rassen aus der g\u00f6ttlichen Sch\u00f6pfung. Dann kehrte Jesus Christus noch einmal zu seiner Familie und seinen J\u00fcngern und J\u00fcngerinnen zur\u00fcck, um sich ihnen zu zeigen und seine Aussagen vorzuleben, dass der \u201eirdische Tod\u201c nur ein \u00dcbergang ist, in weitere &#8211; und letztendlich in das ewige &#8211; Leben, in den vielen Wohnungswelten des Vaters in der Geistigen Welt.<\/p>\n<p>&nbsp;<\/p>\n<p>&nbsp;<\/p>\n<h2>Was war Jesus Mission auf Erden und was wurde f\u00fcr den Erl\u00f6sungs-Plan erreicht<\/h2>\n<ol>\n<li><strong>Er hat den Weg der Liebe aufgezeigt<\/strong><\/li>\n<li><strong>Er hat Haniel besiegt und seine Macht und M\u00f6glichkeiten massiv eingeschr\u00e4nkt<\/strong><\/li>\n<li><strong>Er hat die geistigen Tore wieder er\u00f6ffnet<\/strong><\/li>\n<li><strong>Er hat uns Schutzwesen beigegeben<\/strong><\/li>\n<\/ol>\n<p>&nbsp;<\/p>\n<ol>\n<li>Eioua Christus, unser Erl\u00f6ser, hat uns den Liebesweg zur\u00fcck zur Gottheit aufgezeigt durch das Neue Testament.\u00a0Der verf\u00fchrende, richtende, strafende, ja blutr\u00fcnstige Gott des Alten Testamentes wurde berichtigt und abgel\u00f6st durch den Liebe-Gott, die verzeihende Gottheit, die alles daf\u00fcr gibt und tut, dass die abgewandten Seelen aus freiem Willen und freier Liebe zu ihr zur\u00fcckfinden.<\/li>\n<li>Eioua Christus, unser Liebek\u00f6nig, hat den abgewandten Erzengel Haniel besiegt und massiv eingeschr\u00e4nkt. Deshalb war seine Inkarnation so wichtig, denn seit Jesus Christus nach seinem k\u00f6rperlichen Tod am Kreuz in die dunklen Hierarchien gefahren ist und diese unterworfen hatte, ist Haniel\u2018s Macht stark eingeschr\u00e4nkt worden, wie schon beim geistigen Fall (obwohl er f\u00fcr unsere menschliche Vorstellung immer noch sehr m\u00e4chtig war und ist).\u00a0Denn er und die Seinen hatten immer mehr die Seelen der Wesen direkt beeinflusst und damit das g\u00f6ttliche Gesetz des freien Willens \u00fcbertreten, weil es so f\u00fcr diese Wesen keine M\u00f6glichkeit und keinen Weg des Erkennens mehr gab.<\/li>\n<li>Eioua Christus Jesus, unser Sch\u00f6pfer, hat die Dimensions- und Bewusstseins-Tore in die Geistige Welt wieder ge\u00f6ffnet. Diese waren durch die Dunklen Hierarchien verschlossen worden, damit Seelen im Aufstieg keinen Durchgang finden, sofern sie \u00fcberhaupt bis an diesen Punkt der Erkenntnis gelangen.<\/li>\n<li>Doch seither ist es wieder m\u00f6glich direkt aufzusteigen und in die geistige Welt und Heimat zur\u00fcckzukehren (wenn wir die innere Verbindung hergestellt und das entsprechende Bewusstsein erreicht haben). F\u00fcr jedes Lebewesen ohne Ausnahme, steht dieser Weg offen, f\u00fcr alle Rassen und Religionen, denn seither stehen die g\u00f6ttlichen W\u00e4chter der Cherubime von Erzengel Michael an diesen Toren.<\/li>\n<li>Eioua Christus, unser Seelenf\u00fchrer,\u00a0hat seither allen Wesen, die inkarnieren, ein oder mehrere Schutz-Wesen zur Seite begeben, die diese Aufgabe aus Liebe zu diesem Wesen \u00fcbernahmen. Sie f\u00fchren unsere Seelen auf dem Weg des geistigen Erkennens und des seelischen Aufstiegs und sch\u00fctzen uns gleichzeitig gegen Manipulationen der Dunkelwesen. Sie sch\u00fctzen uns jedoch nicht gegen eigene Vergehen oder Dummheiten in unserem Menschsein, denn Selbstverantwortung ist wichtiger denn je und eine Voraussetzung f\u00fcr einen bewussten Menschen.\u00a0Doch nicht alle Schutz-Wesen sind Engel, sondern viele sind einfach unsere Vertrauten oder Familienmitglieder aus der geistigen Welt, die nicht inkarniert sind).<\/li>\n<\/ol>\n<p>&nbsp;<\/p>\n<p>So sind dies die 4 gro\u00dfen Verm\u00e4chtnisse von Eioua Christus als Erl\u00f6ser an die Wesen, die Ihren Weg \u00fcber und auf Mutter Erde gehen.<\/p>\n<p>&nbsp;<\/p>\n<p>&nbsp;<\/p>\n<h2>Alle Wesen, die den Erl\u00f6sungs-Plan Christi annehmen, werden erl\u00f6st und \u201ein die vielen Wohnungswelten der Gottheit\u201c zur\u00fcckkehren<\/h2>\n<p>Wunsch und Ziel der Gottheit ist es nach wie vor, dass die Wesen der Gottes-Rassen einzeln und gemeinsam dem Weg Eiouas nachfolgen, um dann wieder &#8211; m\u00f6glichst gemeinsam &#8211; aufzusteigen in die Geistige Welt des Vaters.\u00a0Jede Rasse ist nichts anderes als die Summe ihrer einzelnen Wesen und der Aufstieg ist nur durch den individuellen Weg m\u00f6glich (ein Aufstieg durch blo\u00dfe Zugeh\u00f6rigkeit einer bestimmten Rasse oder Religion gen\u00fcgt dazu nicht).\u00a0Auch bei uns Menschen gibt es deshalb keine Kollektiv-Erh\u00f6hung, sondern es geht darum, dass soviel einzelne MenschenWesen wie m\u00f6glich &#8211; f\u00fcr sich und in sich &#8211; diesen Weg liebevoll gehen.\u00a0Und so dann eine kritische Masse an Wesen im individuellen Weg erreicht wird,\u00a0k\u00f6nnen diese gemeinsam aufsteigen.\u00a0Genau dazu k\u00f6nnen Religionen dienen, oder auch die Kirchen, so sie sich auf den wahren Kern ihrer Heiligen Schriften besinnen und auch weltlich danach handeln.\u00a0Wenn dieser kritische Punkt erreicht wird, geht diese Seelenbewegung \u00fcber auf alle anderen Individuen derselben Art (\u00fcber das Kollektivbewusstsein in das morphogenetische Feld).\u00a0Wie schon angesprochen und im Fazit noch dargelegt wird, ist dieser Weg eigentlich gar nicht so schwer. Doch es braucht eigenes Denken, Pr\u00fcfen und Handeln, ehrliches Bem\u00fchen, etwas Ausdauer und vor allem&#8230;Liebe zu allem was ist und lebt.<\/p>\n<p>&nbsp;<\/p>\n<p>&nbsp;<\/p>\n<h2>Die religi\u00f6sen prophetischen Verm\u00e4chtnisse, die sich in einem DEI Verm\u00e4chtnis vereinen &#8230;<\/h2>\n<p>Ziel einer Religion kann und darf nur sein, ihren \u201eGl\u00e4ubigen\u201c den Weg zu Selbsterkenntnis, Selbstverantwortung und zur Erkenntnis der Gottheit zu vermitteln und ihnen dabei zu helfen, diesen selbst zu gehen und zu (er)leben.\u00a0Sobald eine Einvernahme oder eine Abh\u00e4ngigkeit von einer Kirche oder Religion entsteht, widerspricht dies im Kern allen Weltreligionen, die von einem freien Menschen mit einem lebendigen eigenen Gottesbild ausgehen.\u00a0Ziel aller Religionen, vor allem der katholischen und reformierten Christen, der Buddhisten, der Moslems und der Juden sollte sein, sich auf die gemeinsamen Wurzeln und Grundlagen zu besinnen, also die Gemeinsamkeit zu erkennen f\u00fcr einen Neuanfang im Dienste unserer aller einen Gottheit. Denn all diese Religionen gehen monotheistisch von einem Sch\u00f6pfer-Gott aus und einem Himmelreich, in das wir alle (fr\u00fcher oder sp\u00e4ter) zur\u00fcckkehren.<\/p>\n<p>Und wenn wir das Beste und Edelste und Menschenf\u00f6rderndste aus diesen drei Ast-Religionen des AT zusammennehmen und es mit dem Besten und Bew\u00e4hrten aus den Veden und dem Buddhismus vereinen, dann haben wir eine Gotteslehre, in der alle Religionen als verschiedene Wege ihren Platz und ihre Berechtigung haben.\u00a0Dies k\u00f6nnte vielen Menschenwesen helfen, die sich angewidert von ihren Kirchen abgewendet haben (wie es bei mir der Fall war).\u00a0Doch eine Kirche oder Religion ersetzt nie den eigenen Weg, der letztendlich viel wichtiger ist.<\/p>\n<p>&nbsp;<\/p>\n<p>Dieses Verbinden und Entwickeln eines Bandes durch die alten und neuen Religionen hat Emil Bock im Buch \u201ePaulus\u201c sehr sch\u00f6n beschrieben.<\/p>\n<p>&nbsp;<\/p>\n<p><em><span style=\"color: #333366;\">\u201eDas Christentum steht nicht wie das Judentum im extremen Gegensatz zum Heidentum. Die Dreiheit Heidentum, Judentum und Christentum bezeichnet vielmehr den grossen Gang des Werdens: die heidnischen Naturreligionen waren dem Sternen-Kosmos von Sonne, Mond und Erde zugewandt. Die Geschichte des Alten Bundes hatte den Menschen aus der Natur herauszul\u00f6sen und auf sein Inneres zu verweisen. Durch die Auferstehung Christi aber ist auf v\u00f6llig neue Art auch die Natur, und zwar die Erde selbst, wieder in das Heilsgeschehen und in den Bereich des religi\u00f6sen Lebens miteinbezogen. In Paulus verk\u00f6rpert sich sozusagen der neue Schritt: Aus dem extremsten Judentum kommend, wird er zum Heidenapostel. Er tr\u00e4gt die neue kosmische Kunde zu denjenigen Menschen, die noch in den verebbenden Kr\u00e4ften des alten kosmischen G\u00f6tter-Erlebens stehen.\u201c (Bock &#8211; 4.22)<\/span><\/em><\/p>\n<p>&nbsp;<\/p>\n<p>Wir sollten also erkennen, dass weniger wichtig ist, welchen der Wege wir gehen, sondern dass wir \u00fcberhaupt einen Weg w\u00e4hlen f\u00fcr unsere eigene re-ligio, also unsere eigene \u201einnere R\u00fcckverbindung zur Quelle unseres Seins\u201c.<\/p>\n<p>&nbsp;<\/p>\n<p>Und daf\u00fcr gen\u00fcgt eigentlich schon<\/p>\n<ul>\n<li>das Anerkennen und Annehmen einer Gottheit als Sch\u00f6pfer.<\/li>\n<li>das Bewusstsein, dass wir ebenso geistige wie materielle Wesen sind.<\/li>\n<li>dass wir uns, die Mitwesen und die Gottheit lieben und respektieren.<\/li>\n<li>dass wir so in harmonischem Bewusstsein f\u00fchlend und handelnd leben.<\/li>\n<li>dass wir so individuell aufsteigen k\u00f6nnen auf unserem eigenen Seelenweg.<\/li>\n<\/ul>\n<p>&nbsp;<\/p>\n<p>Damit leisten wir zudem einen h\u00f6chst wertvollen Beitrag an einen kollektiven Aufstieg, weil jede Seele z\u00e4hlt, um diese gro\u00dfe Wende herbeizuf\u00fchren. Doch es ist immer noch m\u00f6glich, so wir es TUN!<\/p>\n<p>&nbsp;<\/p>\n<p>Religionen sind also Wegweiser zum besseren Verst\u00e4ndnis dessen und liefern uns Beispiele, wie dies erreicht werden kann.\u00a0Doch immer d\u00fcrfen und sollen wir den Weg f\u00fcr uns selbst w\u00e4hlen und gehen, denn der freie Wille steht \u00fcber allem!\u00a0Und wo dieser beeinflusst oder beeintr\u00e4chtigt wird (durch Kirchen oder geistige F\u00fchrer,) ist Vorsicht geboten. Kein Mittel ist auch heute noch so stark in der Menschenbeeinflussung wie die Religionen, resp. deren F\u00fchrer, die vorgeben, im Namen ihres Gottes alles zu wissen und uns in ihrer Religion zu unserem Seelenheil zu f\u00fchren. Das k\u00f6nnen wir nur selber tun&#8230;<\/p>\n<p>&nbsp;<\/p>\n<p>&nbsp;<\/p>\n<p>&nbsp;<\/p>\n<p>&nbsp;<\/p>\n<p style=\"font: normal normal normal 12px\/normal Helvetica; margin: 0px;\"><span style=\"letter-spacing: 0px;\">Dies ist ein Auszug aus dem Buch\u00a0<a title=\"Buchbestellung DEI VERM\u00c4CHTNIS\" href=\"https:\/\/evol-forum.ch\/buecher-und-ebooks\/\" target=\"_blank\" rel=\"noopener noreferrer\">DEI VERM\u00c4CHTNIS<\/a>.<\/span><\/p>\n<p>&nbsp;<\/p>\n","protected":false},"excerpt":{"rendered":"<p>Die Niederkunft Christi Die (vollst\u00e4ndigere) Geschichte\u00a0von Jesus Christus Inkarnation\u00a0auf Erden &nbsp; So ist also allen 4 Weltreligionen gemeinsam, dass durch die eine Gottheit ein g\u00f6ttliches Wesen auf die Erde kommt, um den Kreislauf des Leidens aufzul\u00f6sen.\u00a0Zwei der Weltreligionen, der Islam und das Christentum, sowie dessen Abspaltung, das Judentum, beziehen sich auf dieselbe Quelle des Alten [&hellip;]<\/p>\n","protected":false},"author":5,"featured_media":0,"parent":0,"menu_order":602,"comment_status":"open","ping_status":"open","template":"","meta":{"_acf_changed":false,"_monsterinsights_skip_tracking":false,"_monsterinsights_sitenote_active":false,"_monsterinsights_sitenote_note":"","_monsterinsights_sitenote_category":0,"footnotes":""},"class_list":["post-32","page","type-page","status-publish","hentry"],"acf":[],"yoast_head":"<!-- This site is optimized with the Yoast SEO plugin v26.4 - https:\/\/yoast.com\/wordpress\/plugins\/seo\/ -->\n<title>Die Niederkunft Christi - DEI-VERM\u00c4CHTNIS<\/title>\n<meta name=\"robots\" content=\"index, follow, max-snippet:-1, max-image-preview:large, max-video-preview:-1\" \/>\n<link rel=\"canonical\" href=\"https:\/\/evol-forum.ch\/dei\/die-niederkunft-christi\/\" \/>\n<meta name=\"twitter:label1\" content=\"Gesch\u00e4tzte Lesezeit\" \/>\n\t<meta name=\"twitter:data1\" content=\"11\u00a0Minuten\" \/>\n<script type=\"application\/ld+json\" class=\"yoast-schema-graph\">{\"@context\":\"https:\/\/schema.org\",\"@graph\":[{\"@type\":\"WebPage\",\"@id\":\"https:\/\/evol-forum.ch\/dei\/die-niederkunft-christi\/\",\"url\":\"https:\/\/evol-forum.ch\/dei\/die-niederkunft-christi\/\",\"name\":\"Die Niederkunft Christi - DEI-VERM\u00c4CHTNIS\",\"isPartOf\":{\"@id\":\"https:\/\/evol-forum.ch\/dei\/#website\"},\"datePublished\":\"2013-11-19T14:29:37+00:00\",\"dateModified\":\"2021-04-26T10:50:32+00:00\",\"inLanguage\":\"de\",\"potentialAction\":[{\"@type\":\"ReadAction\",\"target\":[\"https:\/\/evol-forum.ch\/dei\/die-niederkunft-christi\/\"]}]},{\"@type\":\"WebSite\",\"@id\":\"https:\/\/evol-forum.ch\/dei\/#website\",\"url\":\"https:\/\/evol-forum.ch\/dei\/\",\"name\":\"DEI-VERM\u00c4CHTNIS\",\"description\":\"\",\"potentialAction\":[{\"@type\":\"SearchAction\",\"target\":{\"@type\":\"EntryPoint\",\"urlTemplate\":\"https:\/\/evol-forum.ch\/dei\/?s={search_term_string}\"},\"query-input\":{\"@type\":\"PropertyValueSpecification\",\"valueRequired\":true,\"valueName\":\"search_term_string\"}}],\"inLanguage\":\"de\"}]}<\/script>\n<!-- \/ Yoast SEO plugin. -->","yoast_head_json":{"title":"Die Niederkunft Christi - DEI-VERM\u00c4CHTNIS","robots":{"index":"index","follow":"follow","max-snippet":"max-snippet:-1","max-image-preview":"max-image-preview:large","max-video-preview":"max-video-preview:-1"},"canonical":"https:\/\/evol-forum.ch\/dei\/die-niederkunft-christi\/","twitter_misc":{"Gesch\u00e4tzte Lesezeit":"11\u00a0Minuten"},"schema":{"@context":"https:\/\/schema.org","@graph":[{"@type":"WebPage","@id":"https:\/\/evol-forum.ch\/dei\/die-niederkunft-christi\/","url":"https:\/\/evol-forum.ch\/dei\/die-niederkunft-christi\/","name":"Die Niederkunft Christi - DEI-VERM\u00c4CHTNIS","isPartOf":{"@id":"https:\/\/evol-forum.ch\/dei\/#website"},"datePublished":"2013-11-19T14:29:37+00:00","dateModified":"2021-04-26T10:50:32+00:00","inLanguage":"de","potentialAction":[{"@type":"ReadAction","target":["https:\/\/evol-forum.ch\/dei\/die-niederkunft-christi\/"]}]},{"@type":"WebSite","@id":"https:\/\/evol-forum.ch\/dei\/#website","url":"https:\/\/evol-forum.ch\/dei\/","name":"DEI-VERM\u00c4CHTNIS","description":"","potentialAction":[{"@type":"SearchAction","target":{"@type":"EntryPoint","urlTemplate":"https:\/\/evol-forum.ch\/dei\/?s={search_term_string}"},"query-input":{"@type":"PropertyValueSpecification","valueRequired":true,"valueName":"search_term_string"}}],"inLanguage":"de"}]}},"_links":{"self":[{"href":"https:\/\/evol-forum.ch\/dei\/wp-json\/wp\/v2\/pages\/32","targetHints":{"allow":["GET"]}}],"collection":[{"href":"https:\/\/evol-forum.ch\/dei\/wp-json\/wp\/v2\/pages"}],"about":[{"href":"https:\/\/evol-forum.ch\/dei\/wp-json\/wp\/v2\/types\/page"}],"author":[{"embeddable":true,"href":"https:\/\/evol-forum.ch\/dei\/wp-json\/wp\/v2\/users\/5"}],"replies":[{"embeddable":true,"href":"https:\/\/evol-forum.ch\/dei\/wp-json\/wp\/v2\/comments?post=32"}],"version-history":[{"count":6,"href":"https:\/\/evol-forum.ch\/dei\/wp-json\/wp\/v2\/pages\/32\/revisions"}],"predecessor-version":[{"id":698,"href":"https:\/\/evol-forum.ch\/dei\/wp-json\/wp\/v2\/pages\/32\/revisions\/698"}],"wp:attachment":[{"href":"https:\/\/evol-forum.ch\/dei\/wp-json\/wp\/v2\/media?parent=32"}],"curies":[{"name":"wp","href":"https:\/\/api.w.org\/{rel}","templated":true}]}}