{"id":33,"date":"2013-11-19T16:29:37","date_gmt":"2013-11-19T14:29:37","guid":{"rendered":"https:\/\/evol-forum.ch\/dei\/die-irrlehren-der-kirche\/"},"modified":"2018-07-19T15:49:30","modified_gmt":"2018-07-19T13:49:30","slug":"die-irrlehren-der-kirche","status":"publish","type":"page","link":"https:\/\/evol-forum.ch\/dei\/die-irrlehren-der-kirche\/","title":{"rendered":"Die Irrlehren der Kirche"},"content":{"rendered":"<h1>Die 3 Irrlehren der Kirchen<\/h1>\n<p>Wichtig ist deshalb auch, einige Irrlehren der auf Erden gemachten Kirchen klar zu erkennen, damit wir uns von ihnen befreien k\u00f6nnen.<\/p>\n<p>&nbsp;<\/p>\n<p><strong>Reinheit der Lehre<\/strong><\/p>\n<p>&nbsp;<\/p>\n<p>Diese ist faktisch bei keiner irdischen Religion \u00fcberhaupt m\u00f6glich, da urspr\u00fcnglich alle m\u00fcndlich begeben und \u00fcberliefert wurden. Manche wurden erst hunderte Jahre sp\u00e4ter aufgeschrieben. Dann wurden sie \u00fcber Jahrtausende abgeschrieben, \u00fcbersetzt und nicht zuletzt durch die Kirchenoberen zu ihren Gunsten ver\u00e4ndert und einiges entfernt.<\/p>\n<p>&nbsp;<\/p>\n<p><strong>Wahrheitsanspruch der Religionen<\/strong><\/p>\n<p>&nbsp;<\/p>\n<p>Dieser ist ebenfalls nicht m\u00f6glich, denn geistige Wahrheit ist immer subjektiv, also vom betrachtenden Subjekt und seinem Wissen und seiner Gesamtschau abh\u00e4ngig.\u00a0Auch die Propheten selbst hatten ihre subjektive Wahrnehmung von dem, was ihnen gesagt und gezeigt wurde. Unsere eigene Wahrnehmung und Empfindung ist deshalb genauso viel Wert wie die von Geistlichen einer Religion oder Kirche.<\/p>\n<p>&nbsp;<\/p>\n<p><strong>Kampf der Religionen gegeneinander<\/strong><\/p>\n<p>Wohl das schlimmste, was jede Religion entgegen ihren alten Schriften tun kann.\u00a0Denn alle vier Weltreligionen beziehen sich auf dieselbe eine Gottheit und predigen den Respekt vor den Mitmenschen und der Sch\u00f6pfung.<\/p>\n<p>&nbsp;<\/p>\n<p>Die L\u00f6sung f\u00fcr den Niedergang der Religionen ist die \u00d6kumene &#8211; der interkonfessionelle Dialog, als letzte Rettung der herk\u00f6mmlichen Kirchen und Grundlage f\u00fcr eine aufgekl\u00e4rte gesamtheitliche Religio, die dem Menschen hilft auf seinem eigenen Weg.\u00a0So wissen wir nun, welche Wege uns offen stehen und wir haben einige Religionen als Konzepte. Und egal welchen dieser Wege wir wahrhaftig w\u00e4hlen und begehen, es funktioniert wirklich! Das darf ich aus eigener Erfahrung vorweg nehmen.<\/p>\n<p>&nbsp;<\/p>\n<p>Ganz so einfach ist es jedoch nicht, denn wir m\u00fcssen selber daf\u00fcr wirken in unserem ganzen Denken, F\u00fchlen und Sein.\u00a0Also nicht auf Erl\u00f6sung warten, sondern uns selbst erl\u00f6sen &#8211; aus eigener Erkenntnis und Erfahrung. Denn nur wenn viele Individuen dies tun, kann der kritische Punkt f\u00fcr den kollektiven Aufstieg erreicht werden.<\/p>\n<p>&nbsp;<\/p>\n<p>Zudem sind die dunklen Hierarchien zwar &#8211; seit Eioua auf Erden weilte &#8211; stark eingeschr\u00e4nkt, doch wirken sie immer noch ein auf uns Wesen und auf das Weltgeschehen.\u00a0So werden wir uns diese Wesen der Dunkelhierarchien nun im n\u00e4chsten Kapitel genauer anschauen, denn es ist einerseits wichtig f\u00fcr unser Gesamtbild und andererseits, um uns selbst vor ihnen zu sch\u00fctzen.\u00a0Dies ist zwar nicht so angenehm, und doch ist es wichtig zu wissen, mit wem man es zu tun hat, damit wir nicht zu leichter Beute werden, wie ich damals naiv am Berg Mose.<\/p>\n<p>&nbsp;<\/p>\n<p>Doch im darauf folgenden Kapitel wird dann sogleich dargelegt, was die Licht-Hierarchien f\u00fcr uns tun, so wir ihnen zugetan sind. Und das ist dann umso sch\u00f6ner und lichtvoller, denn das Licht wird sich immer durchsetzen&#8230;<\/p>\n<p>&nbsp;<\/p>\n<p>&nbsp;<\/p>\n<p>&nbsp;<\/p>\n<p>&nbsp;<\/p>\n<p style=\"font: normal normal normal 12px\/normal Helvetica; margin: 0px;\"><span style=\"letter-spacing: 0px;\">Dies ist ein Auszug aus dem Buch\u00a0<a title=\"Buchbestellung DEI VERM\u00c4CHTNIS\" href=\"https:\/\/evol-forum.ch\/buecher-und-ebooks\/\" target=\"_blank\" rel=\"noopener\">DEI VERM\u00c4CHTNIS<\/a>.<\/span><\/p>\n<p>&nbsp;<\/p>\n","protected":false},"excerpt":{"rendered":"<p>Die 3 Irrlehren der Kirchen Wichtig ist deshalb auch, einige Irrlehren der auf Erden gemachten Kirchen klar zu erkennen, damit wir uns von ihnen befreien k\u00f6nnen. &nbsp; Reinheit der Lehre &nbsp; Diese ist faktisch bei keiner irdischen Religion \u00fcberhaupt m\u00f6glich, da urspr\u00fcnglich alle m\u00fcndlich begeben und \u00fcberliefert wurden. Manche wurden erst hunderte Jahre sp\u00e4ter aufgeschrieben. [&hellip;]<\/p>\n","protected":false},"author":5,"featured_media":0,"parent":0,"menu_order":603,"comment_status":"open","ping_status":"open","template":"","meta":{"_acf_changed":false,"_monsterinsights_skip_tracking":false,"_monsterinsights_sitenote_active":false,"_monsterinsights_sitenote_note":"","_monsterinsights_sitenote_category":0,"footnotes":""},"class_list":["post-33","page","type-page","status-publish","hentry"],"acf":[],"yoast_head":"<!-- This site is optimized with the Yoast SEO plugin v26.4 - https:\/\/yoast.com\/wordpress\/plugins\/seo\/ -->\n<title>Die Irrlehren der Kirche - DEI-VERM\u00c4CHTNIS<\/title>\n<meta name=\"robots\" content=\"index, follow, max-snippet:-1, max-image-preview:large, max-video-preview:-1\" \/>\n<link rel=\"canonical\" href=\"https:\/\/evol-forum.ch\/dei\/die-irrlehren-der-kirche\/\" \/>\n<meta name=\"twitter:label1\" content=\"Gesch\u00e4tzte Lesezeit\" \/>\n\t<meta name=\"twitter:data1\" content=\"2\u00a0Minuten\" \/>\n<script type=\"application\/ld+json\" class=\"yoast-schema-graph\">{\"@context\":\"https:\/\/schema.org\",\"@graph\":[{\"@type\":\"WebPage\",\"@id\":\"https:\/\/evol-forum.ch\/dei\/die-irrlehren-der-kirche\/\",\"url\":\"https:\/\/evol-forum.ch\/dei\/die-irrlehren-der-kirche\/\",\"name\":\"Die Irrlehren der Kirche - DEI-VERM\u00c4CHTNIS\",\"isPartOf\":{\"@id\":\"https:\/\/evol-forum.ch\/dei\/#website\"},\"datePublished\":\"2013-11-19T14:29:37+00:00\",\"dateModified\":\"2018-07-19T13:49:30+00:00\",\"inLanguage\":\"de\",\"potentialAction\":[{\"@type\":\"ReadAction\",\"target\":[\"https:\/\/evol-forum.ch\/dei\/die-irrlehren-der-kirche\/\"]}]},{\"@type\":\"WebSite\",\"@id\":\"https:\/\/evol-forum.ch\/dei\/#website\",\"url\":\"https:\/\/evol-forum.ch\/dei\/\",\"name\":\"DEI-VERM\u00c4CHTNIS\",\"description\":\"\",\"potentialAction\":[{\"@type\":\"SearchAction\",\"target\":{\"@type\":\"EntryPoint\",\"urlTemplate\":\"https:\/\/evol-forum.ch\/dei\/?s={search_term_string}\"},\"query-input\":{\"@type\":\"PropertyValueSpecification\",\"valueRequired\":true,\"valueName\":\"search_term_string\"}}],\"inLanguage\":\"de\"}]}<\/script>\n<!-- \/ Yoast SEO plugin. -->","yoast_head_json":{"title":"Die Irrlehren der Kirche - DEI-VERM\u00c4CHTNIS","robots":{"index":"index","follow":"follow","max-snippet":"max-snippet:-1","max-image-preview":"max-image-preview:large","max-video-preview":"max-video-preview:-1"},"canonical":"https:\/\/evol-forum.ch\/dei\/die-irrlehren-der-kirche\/","twitter_misc":{"Gesch\u00e4tzte Lesezeit":"2\u00a0Minuten"},"schema":{"@context":"https:\/\/schema.org","@graph":[{"@type":"WebPage","@id":"https:\/\/evol-forum.ch\/dei\/die-irrlehren-der-kirche\/","url":"https:\/\/evol-forum.ch\/dei\/die-irrlehren-der-kirche\/","name":"Die Irrlehren der Kirche - DEI-VERM\u00c4CHTNIS","isPartOf":{"@id":"https:\/\/evol-forum.ch\/dei\/#website"},"datePublished":"2013-11-19T14:29:37+00:00","dateModified":"2018-07-19T13:49:30+00:00","inLanguage":"de","potentialAction":[{"@type":"ReadAction","target":["https:\/\/evol-forum.ch\/dei\/die-irrlehren-der-kirche\/"]}]},{"@type":"WebSite","@id":"https:\/\/evol-forum.ch\/dei\/#website","url":"https:\/\/evol-forum.ch\/dei\/","name":"DEI-VERM\u00c4CHTNIS","description":"","potentialAction":[{"@type":"SearchAction","target":{"@type":"EntryPoint","urlTemplate":"https:\/\/evol-forum.ch\/dei\/?s={search_term_string}"},"query-input":{"@type":"PropertyValueSpecification","valueRequired":true,"valueName":"search_term_string"}}],"inLanguage":"de"}]}},"_links":{"self":[{"href":"https:\/\/evol-forum.ch\/dei\/wp-json\/wp\/v2\/pages\/33","targetHints":{"allow":["GET"]}}],"collection":[{"href":"https:\/\/evol-forum.ch\/dei\/wp-json\/wp\/v2\/pages"}],"about":[{"href":"https:\/\/evol-forum.ch\/dei\/wp-json\/wp\/v2\/types\/page"}],"author":[{"embeddable":true,"href":"https:\/\/evol-forum.ch\/dei\/wp-json\/wp\/v2\/users\/5"}],"replies":[{"embeddable":true,"href":"https:\/\/evol-forum.ch\/dei\/wp-json\/wp\/v2\/comments?post=33"}],"version-history":[{"count":3,"href":"https:\/\/evol-forum.ch\/dei\/wp-json\/wp\/v2\/pages\/33\/revisions"}],"predecessor-version":[{"id":633,"href":"https:\/\/evol-forum.ch\/dei\/wp-json\/wp\/v2\/pages\/33\/revisions\/633"}],"wp:attachment":[{"href":"https:\/\/evol-forum.ch\/dei\/wp-json\/wp\/v2\/media?parent=33"}],"curies":[{"name":"wp","href":"https:\/\/api.w.org\/{rel}","templated":true}]}}