{"id":9,"date":"2013-11-19T16:29:33","date_gmt":"2013-11-19T14:29:33","guid":{"rendered":"https:\/\/evol-forum.ch\/dei\/kampf-um-die-seelen\/"},"modified":"2018-07-19T15:28:07","modified_gmt":"2018-07-19T13:28:07","slug":"kampf-um-die-seelen","status":"publish","type":"page","link":"https:\/\/evol-forum.ch\/dei\/kampf-um-die-seelen\/","title":{"rendered":"Kampf um die Seelen"},"content":{"rendered":"<h1>Der Kampf um die Seelen<\/h1>\n<p>Um diesen Kampf um wahrlich jede einzelne unserer Seelen zu verstehen, war es wichtig, ein Gesamtbild unseres Seins und unserer Geschichte bis ins Hier und Jetzt aufzubauen. Denn nur so k\u00f6nnen wir die Strukturen auf Erden erkennen, die von der Dunkel-Hierarchie eingesetzt werden, um deren Herrschaftsziele zu erreichen und zu erhalten.<\/p>\n<p>Die Dunkelseite benutzt jede m\u00f6gliche Form der Manipulation, um diesen Machtkampf um die Erde und die Seelen zu gewinnen, ihre \u201eNeue Welt-Ordnung\u201c zu erreichen und ihre Handlungen zu rechtfertigen. Um die Menschen zu t\u00e4uschen und f\u00fcr sich einzunehmen, werden Halbwahrheiten und Irrlehren eingesetzt.<\/p>\n<p>Ihre federf\u00fchrenden Instrumente dazu sind weltweit wirkende geheime Strukturen und Gesellschaften, welche die Entwicklungen auf der Erde und f\u00fcr die Menschen ma\u00dfgeblich beeinflussen. Deshalb wurden die Asuras und die sieben gro\u00dfen Irrlehren vorweg im 5. Kapitel beschrieben und im 6. Kapitel die HelferInnen im Erl\u00f6sungs-Plan. Es ist entscheidend f\u00fcr uns zu erkennen, dass der Erl\u00f6sungs-Plan und die Universale Ordnung bis zum heutigen Tage gelten, und alle Lichtwesen als HelferInnen der Geistigen Welt weiter wirken, bis auch die letzte Seele der Gottes-Rassen den Weg in ihre Heimat zur\u00fcckgefunden hat.<\/p>\n<p>Nur beeinflusst die Licht-Hierarchie uns nicht und wirkt niemals manipulierend, sondern gew\u00e4hrt immer und respektiert jederzeit den freien Willen. Denn die Lichtseite schaut ja nicht einfach tatenlos zu, sondern ist seit Anbeginn liebevoll t\u00e4tig f\u00fcr die abgewandten Gottes-Wesen und hat neben der individuellen Begleitung dieser Seelen auch immer wieder gro\u00df angelegte Versuche unternommen, um gottzugewandte Seelen sozusagen im Kollektiv zu erheben. So dienten alle bisherigen Versuche auch dazu, diesen gro\u00dfen \u201eVersuch der Wendezeit\u201c im 1. Jahrhundert unseres 3. Jahrtausends nach Jesus Christus vorzubereiten und zu begeben, damit m\u00f6glichst viele Wesen gleichzeitig einen Ausstiegsschritt begehen k\u00f6nnen. Dieser Versuch hat Ende des 2. Jahrtausends begonnen und so leben wir in diesem besonderen Zeitfenster auf Erden.<\/p>\n<p>&nbsp;<\/p>\n<p><em><span style=\"color: #333366;\">\u201eWeit in der Zukunft sehe ich Menschen als Lichtgeborene, befreit von der Finsternis, welche die Seele fesselt, im Licht lebend, ohne dass die Bindungen der Dunkelheit das Licht zudecken, welches das Licht ihrer Seele ist. Wisse, oh Mensch, bevor du dies erreichst, fallen viele dunkle Schatten auf dein Licht und versuchen, das Licht der Seele, die sich befreien will, auszul\u00f6schen mit den Schatten der Finsternis. Gross ist der Kampf zwischen Licht und Finsternis; uralt und doch immer neu.\u00a0Doch wisse, in einer Zeit weit in der Zukunft wird das Licht alles sein und die Finsternis wird untergehen.\u201c (Doreal &#8211; 7.1)<\/span><\/em><\/p>\n<p>&nbsp;<\/p>\n<p>Deshalb geht es nun im 7. Kapitel mit dieser Wendezeit letztendlich darum, welche Seite im Kampf um die Seelen gewinnen wird, also wie viele Wesen sich f\u00fcr den einen oder den anderen Weg entscheiden.<\/p>\n<p>So bedeutet Wendezeit letztendlich f\u00fcr uns alle vor allem eine Besinnungs- und Entscheidungszeit. Sie wird demnach ma\u00dfgeblich von uns selbst abh\u00e4ngen, denn es geht um nichts Geringeres als die Wende von einer dunklen in eine lichtvolle Stufe der Seelen- und Menschheitsentwicklung, so eben ein bestimmter Anteil der Wesen sich wendet und den Segen annimmt, der nun den Seelen gew\u00e4hrt wird.<\/p>\n<p>Zu diesem gro\u00dfen Themenbereich der Wendezeit gibt es sehr viele alte Sagen und Legenden und noch mehr neue Theorien und Datierungen. Deshalb ist es wichtig, vorab eine Auslegeordnung auf dem neuesten Wissensstand zu begeben, um die Zusammenh\u00e4nge verstehen zu k\u00f6nnen. Und vor allem m\u00fcssen wir erkennen, dass es sich eben nicht um eine Endzeit handelt, wie heute in verschiedenen Kreisen (manipulativ \u00c4ngste sch\u00fcrend) verbreitet wird. Im Gegenteil, wir befinden uns in einer wahrhaftigen Wendezeit, die uns weit bringen kann, wenn wir diese besondere Zeit erkennen und nutzen.<\/p>\n<p>So gehen wir aus vom \u201eKampf um die Seelen\u201c und den \u201eApokalypsen\u201c, durch die \u00fcberlieferten \u201eSagen, Legenden und Kalender\u201c und die Faktoren f\u00fcr die Jahresbestimmungen und Zeitverschiebungen. Danach kommen wir zu den eigentlichen Wendepunkten und Theorien um \u201eDas Jahr 0\u201c, \u201eDas Jahr 2000\u201c und \u201eDas Jahr 2012\u201c, gefolgt vom \u201eAusblick auf unsere nahe Zukunft\u201c und \u201eWas wird geschehen in den n\u00e4chsten 20 Jahren\u201c. Darin werden wir auch die Bem\u00fchungen und \u201eDie Pl\u00e4ne des Melchizedek Ordens\u201c und die \u201e4 Versuche f\u00fcr einen vereinten Aufstieg\u201c erkennen, damit wir zu einem ganzheitlichen Bild aller \u00dcberlieferungen kommen.<\/p>\n<p>Daraus k\u00f6nnen wir einiges ableiten f\u00fcr die Wendezeit, die uns nun bevorsteht, also \u201eWir k\u00f6nnen wir uns vorbereiten\u201c und \u201eWas wir tun k\u00f6nnen, um aufzusteigen\u201c.Den Schluss(ausrufe)punkt setzen pers\u00f6nliche \u201eWorte von Erzengel Gabriel\u201c und der Fichtel-Vereinigung&#8230;<\/p>\n<p>Damit haben wir eine Gesamtschau skizziert und die M\u00f6glichkeit geschaffen, uns selbst ein Bild machen, uns frei zu entscheiden und unseren eigenen Weg so zu gehen, wie wir es aus unserem freien Willen w\u00e4hlen und entscheiden k\u00f6nnen.<\/p>\n<p>Dazu soll dieses Kapitel einen Beitrag leisten und ich hoffe aus tiefstem Herzen, dass dies gelingt und es m\u00f6glichst viele Herzen ber\u00fchren wird, vielleicht sogar aufwecken wird, f\u00fcr diese Wendezeit und den wunderbaren Erl\u00f6sungs-Plan der Gottheit.<\/p>\n<p>&nbsp;<\/p>\n<p>&nbsp;<\/p>\n<p>&nbsp;<\/p>\n<p>&nbsp;<\/p>\n<p style=\"font: normal normal normal 12px\/normal Helvetica; margin: 0px;\"><span style=\"letter-spacing: 0px;\">Dies ist ein kurzer Auszug zu diesem Thema aus Buch\u00a0<a title=\"Buchbestellung DEI VERM\u00c4CHTNIS\" href=\"https:\/\/evol-forum.ch\/buecher-und-ebooks\/\" target=\"_blank\" rel=\"noopener\">DEI VERM\u00c4CHTNIS<\/a>.<\/span><\/p>\n<p>&nbsp;<\/p>\n","protected":false},"excerpt":{"rendered":"<p>Der Kampf um die Seelen Um diesen Kampf um wahrlich jede einzelne unserer Seelen zu verstehen, war es wichtig, ein Gesamtbild unseres Seins und unserer Geschichte bis ins Hier und Jetzt aufzubauen. Denn nur so k\u00f6nnen wir die Strukturen auf Erden erkennen, die von der Dunkel-Hierarchie eingesetzt werden, um deren Herrschaftsziele zu erreichen und zu [&hellip;]<\/p>\n","protected":false},"author":5,"featured_media":0,"parent":0,"menu_order":210,"comment_status":"open","ping_status":"open","template":"","meta":{"_acf_changed":false,"_monsterinsights_skip_tracking":false,"_monsterinsights_sitenote_active":false,"_monsterinsights_sitenote_note":"","_monsterinsights_sitenote_category":0,"footnotes":""},"class_list":["post-9","page","type-page","status-publish","hentry"],"acf":[],"yoast_head":"<!-- This site is optimized with the Yoast SEO plugin v26.4 - https:\/\/yoast.com\/wordpress\/plugins\/seo\/ -->\n<title>Kampf um die Seelen - DEI-VERM\u00c4CHTNIS<\/title>\n<meta name=\"robots\" content=\"index, follow, max-snippet:-1, max-image-preview:large, max-video-preview:-1\" \/>\n<link rel=\"canonical\" href=\"https:\/\/evol-forum.ch\/dei\/kampf-um-die-seelen\/\" \/>\n<meta name=\"twitter:label1\" content=\"Gesch\u00e4tzte Lesezeit\" \/>\n\t<meta name=\"twitter:data1\" content=\"4\u00a0Minuten\" \/>\n<script type=\"application\/ld+json\" class=\"yoast-schema-graph\">{\"@context\":\"https:\/\/schema.org\",\"@graph\":[{\"@type\":\"WebPage\",\"@id\":\"https:\/\/evol-forum.ch\/dei\/kampf-um-die-seelen\/\",\"url\":\"https:\/\/evol-forum.ch\/dei\/kampf-um-die-seelen\/\",\"name\":\"Kampf um die Seelen - DEI-VERM\u00c4CHTNIS\",\"isPartOf\":{\"@id\":\"https:\/\/evol-forum.ch\/dei\/#website\"},\"datePublished\":\"2013-11-19T14:29:33+00:00\",\"dateModified\":\"2018-07-19T13:28:07+00:00\",\"inLanguage\":\"de\",\"potentialAction\":[{\"@type\":\"ReadAction\",\"target\":[\"https:\/\/evol-forum.ch\/dei\/kampf-um-die-seelen\/\"]}]},{\"@type\":\"WebSite\",\"@id\":\"https:\/\/evol-forum.ch\/dei\/#website\",\"url\":\"https:\/\/evol-forum.ch\/dei\/\",\"name\":\"DEI-VERM\u00c4CHTNIS\",\"description\":\"\",\"potentialAction\":[{\"@type\":\"SearchAction\",\"target\":{\"@type\":\"EntryPoint\",\"urlTemplate\":\"https:\/\/evol-forum.ch\/dei\/?s={search_term_string}\"},\"query-input\":{\"@type\":\"PropertyValueSpecification\",\"valueRequired\":true,\"valueName\":\"search_term_string\"}}],\"inLanguage\":\"de\"}]}<\/script>\n<!-- \/ Yoast SEO plugin. -->","yoast_head_json":{"title":"Kampf um die Seelen - DEI-VERM\u00c4CHTNIS","robots":{"index":"index","follow":"follow","max-snippet":"max-snippet:-1","max-image-preview":"max-image-preview:large","max-video-preview":"max-video-preview:-1"},"canonical":"https:\/\/evol-forum.ch\/dei\/kampf-um-die-seelen\/","twitter_misc":{"Gesch\u00e4tzte Lesezeit":"4\u00a0Minuten"},"schema":{"@context":"https:\/\/schema.org","@graph":[{"@type":"WebPage","@id":"https:\/\/evol-forum.ch\/dei\/kampf-um-die-seelen\/","url":"https:\/\/evol-forum.ch\/dei\/kampf-um-die-seelen\/","name":"Kampf um die Seelen - DEI-VERM\u00c4CHTNIS","isPartOf":{"@id":"https:\/\/evol-forum.ch\/dei\/#website"},"datePublished":"2013-11-19T14:29:33+00:00","dateModified":"2018-07-19T13:28:07+00:00","inLanguage":"de","potentialAction":[{"@type":"ReadAction","target":["https:\/\/evol-forum.ch\/dei\/kampf-um-die-seelen\/"]}]},{"@type":"WebSite","@id":"https:\/\/evol-forum.ch\/dei\/#website","url":"https:\/\/evol-forum.ch\/dei\/","name":"DEI-VERM\u00c4CHTNIS","description":"","potentialAction":[{"@type":"SearchAction","target":{"@type":"EntryPoint","urlTemplate":"https:\/\/evol-forum.ch\/dei\/?s={search_term_string}"},"query-input":{"@type":"PropertyValueSpecification","valueRequired":true,"valueName":"search_term_string"}}],"inLanguage":"de"}]}},"_links":{"self":[{"href":"https:\/\/evol-forum.ch\/dei\/wp-json\/wp\/v2\/pages\/9","targetHints":{"allow":["GET"]}}],"collection":[{"href":"https:\/\/evol-forum.ch\/dei\/wp-json\/wp\/v2\/pages"}],"about":[{"href":"https:\/\/evol-forum.ch\/dei\/wp-json\/wp\/v2\/types\/page"}],"author":[{"embeddable":true,"href":"https:\/\/evol-forum.ch\/dei\/wp-json\/wp\/v2\/users\/5"}],"replies":[{"embeddable":true,"href":"https:\/\/evol-forum.ch\/dei\/wp-json\/wp\/v2\/comments?post=9"}],"version-history":[{"count":4,"href":"https:\/\/evol-forum.ch\/dei\/wp-json\/wp\/v2\/pages\/9\/revisions"}],"predecessor-version":[{"id":611,"href":"https:\/\/evol-forum.ch\/dei\/wp-json\/wp\/v2\/pages\/9\/revisions\/611"}],"wp:attachment":[{"href":"https:\/\/evol-forum.ch\/dei\/wp-json\/wp\/v2\/media?parent=9"}],"curies":[{"name":"wp","href":"https:\/\/api.w.org\/{rel}","templated":true}]}}