{"id":4,"date":"2013-12-11T15:38:03","date_gmt":"2013-12-11T13:38:03","guid":{"rendered":"https:\/\/evol-forum.ch\/giza\/einfuehrung-von-rico-paganini\/"},"modified":"2018-10-29T12:30:35","modified_gmt":"2018-10-29T10:30:35","slug":"einfuehrung-von-rico-paganini","status":"publish","type":"page","link":"https:\/\/evol-forum.ch\/giza\/einfuehrung-von-rico-paganini\/","title":{"rendered":"Einf\u00fchrung von Rico Paganini"},"content":{"rendered":"<h1>Einf\u00fchrung in den sagenumwobenen Ort Giza<\/h1>\n<p>Sie sind die atemberaubendsten Weltwunder, die 3 gigantischen Pyramiden und der Sphinx, die in Giza (auch Gizeh genannt) am Stadtrand der \u00e4gyptischen Metropole Kairo auf einem leicht erh\u00f6hten Felsplateau thronen. Erbaut in einer unglaublichen Pr\u00e4zision, exakt ausgerichtet auf die vier Himmelsrichtungen und bestimmte Sternensysteme. Basierend auf selbst f\u00fcr die heutige Wissenschaft erstaunlichen mathematischen Formeln und geometrischen Figuren, geben die Weltwunder von Giza immer noch und immer neue R\u00e4tsel auf.<span class=\"Apple-converted-space\">\u00a0<\/span><\/p>\n<p>Wie ich dokumentieren werde, gibt es bis heute in den schulakademischen und wissenschaftlich-technischen Schriften keine glaubhafte Erkl\u00e4rungen oder Beweise daf\u00fcr, wie diese ausgekl\u00fcgelten gigantischen Bauwerke zu jener Zeit um 2500 v. Chr. von den alten \u00c4gyptern erbaut werden konnten. Zudem fand sich bis heute keine Aussage oder Aufzeichnung der Pharaonen Cheops, Chephren oder Mykerinos, dass sie den Bau dieser einzigartigen Bauwerke f\u00fcr sich in Anspruch nahmen. Wie kommt es also, dass uns dies von der \u00c4gyptologie als allgemeing\u00fcltig dargelegt wird?<span class=\"Apple-converted-space\">\u00a0<\/span><\/p>\n<p>Andere wissenschaftliche Felder und Quellen gehen inzwischen davon aus, dass diese Bauten von einer \u00e4lteren Hochkultur stammen, die \u00fcber ein noch gr\u00f6sseres Wissen verf\u00fcgte. Diese Ansicht teile ich.<span class=\"Apple-converted-space\">\u00a0<\/span><\/p>\n<p>Ob \u00c4gyptologen, Wissenschaftler, Interessierte oder spirituell Suchende: Wer immer sich mit Giza besch\u00e4ftigt, wird auf die magische Gestalt des alt\u00e4gyptischen \u201eGottes\u201c Thoth stossen, dem grossen Lehrer und Bringer der Schrift. Mir ging es nicht anders. Je mehr ich mich ihm und dem, was von ihm \u00fcberliefert ist, n\u00e4herte, desto st\u00e4rker faszinierte er mich.<span class=\"Apple-converted-space\">\u00a0<\/span><\/p>\n<p>Wer war er? Was wissen wir von ihm? Welche Bedeutung hat er f\u00fcr die Giza-Forschung heute? Das m\u00f6gen ketzerische Fragen sein, denn nat\u00fcrlich neigen wir dazu, alten \u00dcberlieferungen zu misstrauen. Damit verharmlosen wir sie aber gleich von Beginn weg. Verpassen wir dadurch nicht auch Chancen? Was, wenn in diesen Aufzeichnungen und Hinterlassenschaften doch bedeutsame und auch heute noch g\u00fcltige Botschaften enthalten sind?<span class=\"Apple-converted-space\">\u00a0<\/span><\/p>\n<p>Thoth selbst macht es den \u00c4gyptologen nicht leicht und provoziert alle mit einer Aussage, die vielen vermessen erscheint<\/p>\n<p>(im Buch \u201eDie Smaragdtafeln von Thoth dem Atlanter\u201c, Tafel 1, Seite 13):<\/p>\n<p>\u201eIch erbaute die grosse Pyramide nach dem Modell der Erdkraft-Pyramide, welche ewig brennt, damit auch sie die Zeitalter \u00fcberdauern m\u00f6ge. In sie baute ich mein Wissen der \u201emagischen Wissenschaften\u201c ein, damit es noch existieren m\u00f6ge, wenn ich wieder von Amenti zur\u00fcckkehren werde. Ich, Thoth der Atlanter, Meister der Mysterien, Verwalter der Aufzeichnungen,<span class=\"Apple-converted-space\">\u00a0<\/span><\/p>\n<p>m\u00e4chtiger K\u00f6nig, Magier, der von Generation zu Generation lebt, der im Begriff ist,<span class=\"Apple-converted-space\">\u00a0<\/span><\/p>\n<p>die Hallen von Amenti zu betreten, halte diese Aufzeichnungen des m\u00e4chtigen Wissens des grossen Atlantis zur F\u00fchrung jener fest, die nach mir kommen.\u201c<\/p>\n<p>Thoth, der Erbauer der Pyramiden?<span class=\"Apple-converted-space\">\u00a0<\/span><\/p>\n<p>Dann w\u00e4ren sie um Tausende Jahre \u00e4lter, als uns die \u00c4gyptologen vorhalten!<span class=\"Apple-converted-space\">\u00a0<\/span><\/p>\n<p>Ich entschloss mich, ganz dem unvoreingenommenen Troja-Geist Schliemanns verpflichtet, nichts auszuschliessen. Damit erweiterten sich die Grundlagen f\u00fcr meine Forschungen in Giza enorm: Nun konnten auch alte Sagen, Mythen und \u00dcberlieferungen als Quelle und Teile der Gesamtschau dienen. Und je weiter ich suchte, desto klarer wurde mir durch die \u00dcbereinstimmungen, dass sich die Geheimnisse Gizas nur entschl\u00fcsseln w\u00fcrden, wenn ich mich auch vom Geiste eines Thoth oder anderer grosser Gestalten der fr\u00fchen Geschichte wie Diodor leiten liesse. Nun erst war ich bereit, im w\u00f6rtlichen Sinne in die Tiefen und H\u00f6hen vorzustossen. \u201cThoth sei Dank\u201d anzuf\u00fcgen, w\u00e4re nicht \u00fcbertrieben.<span class=\"Apple-converted-space\">\u00a0<\/span><\/p>\n<p>In Giza ist das Verm\u00e4chtnis der alten Hochkulturen durch die gigantischen Pyramiden und den Sphinx am besten sichtbar. Und was w\u00e4re, wenn sich der Kern der megalithischen Anlagen im Untergrund befindet, wenn die Pyramiden als Wegweiser lediglich \u201edie Spitze des Eisbergs\u201c darstellen? Damit w\u00e4re der Beweis erbracht, dass es die alten Hochkulturen gegeben hat und ein Umdenken erforderlich ist.<\/p>\n<p>Auch von den alt\u00e4gyptischen Mysterienschulen wird \u00fcberliefert, dass die \u201eWeltwunder\u201c von Giza nicht auf das Oberirdische beschr\u00e4nkt sind. Dieses Geheimnis blieb \u00fcber Jahrtausende hinweg lebendig und erfreut sich heute wachsender Zustimmung aus vielen Wissenschaftsbereichen.<\/p>\n<p>Wenn bewiesen werden kann, dass die heute als \u00e4lteste anerkannte Hochkultur der pharaonischen Dynastien aus fr\u00fcheren Hochkulturen hervorging, hat dies weitreichende Folgen f\u00fcr die Arch\u00e4ologie, die Geschichtsschreibung vor den Sumerern, Babyloniern und \u00c4gyptern (bei denen sie heute um 4000-3000 v. Chr. beginnt). Und wohl auch f\u00fcr unser Selbstverst\u00e4ndnis.<span class=\"Apple-converted-space\">\u00a0<\/span><\/p>\n<p>Mit dem vorliegenden Buch GIZA VERM\u00c4CHTNIS m\u00f6chte ich besonders auf vier wesentliche Themenkreise aufmerksam machen:<span class=\"Apple-converted-space\">\u00a0<\/span><\/p>\n<p>\u2022 Erstens, auf die Bauten und deren Daten, Dimensionen, Ausrichtungen und Zusammenh\u00e4nge. <span class=\"Apple-converted-space\">\u00a0<\/span><\/p>\n<p>\u2022 Zweitens, auf die Entdeckun-gen neuer Kammern in und unter den Pyramiden und dem Sphinx.<span class=\"Apple-converted-space\">\u00a0<\/span><\/p>\n<p>\u2022 Drittens, dass die megalithi-schen Bauwerke in Giza und die dort vorhandenen unterirdischen Anlagen das Zeugnis vordynastischer Kulturen sind und es sich dabei mit grosser Wahrscheinlichkeit um das Verm\u00e4chtnis der Atlanter handelt.<span class=\"Apple-converted-space\">\u00a0<\/span><\/p>\n<p>Eine Kultur, die in ferner Vergangenheit solche Bauleistungen erbringen konnte, war nicht primitiv, sondern muss \u00fcber einen tieferen Zugang zu Geometrie und Physik verf\u00fcgt haben als wir.<span class=\"Apple-converted-space\">\u00a0<\/span><\/p>\n<p>Dieses Wissen bedeutet(e) Macht und deshalb wollen es bestimmte Interessengruppen f\u00fcr sich erschliessen und behalten, zumal die wissenschaftliche Erforschung des Giza-Gel\u00e4ndes in den vergangenen 100 Jahren klargemacht hat, dass dort unten \u201eetwas\u201c ist.<\/p>\n<p>\u2022 Und viertens, dass in Giza seit 2002 der Bau des GEM und der Bau einer weitreichenden Abgrenzungsmauer vorangetrieben wurde und nach wie vor wird (Richtung Saqqara). Die \u00d6ffentlichkeit muss \u00fcber den Mauerbau und die verschiedenen Interessengruppen informiert sein, damit die offiziellen Organisationen genauer hinschauen und kein allzu grosser Schaden angerichtet werden kann.<span class=\"Apple-converted-space\">\u00a0<\/span><\/p>\n<p>Zwischen diesen vier Themenkreisen besteht ein Zusammenhang, auch wenn der Mauerbau von den Giza-Verantwortlichen als \u201enichts Besonderes\u201c beziehungsweise als \u201eSchutzmassnahme\u201c heruntergespielt wird. Wie am Schluss des Buches dargelegt, ist das ein vordergr\u00fcndiges Argument, das vom eigentlichen Zweck der Mauer ablenken soll. Denn sie f\u00fchrt weit in die W\u00fcste hinaus, was nur einen Sinn ergibt, wenn man weiss, dass sich dort ein Teil der unterirdischen Anlagen befindet.<\/p>\n<p>Der Bau der Giza-Mauer zeigt auch, dass gewisse Interessengruppen versuchen, den Zugang f\u00fcr die interdisziplin\u00e4re Forschung zu verhindern. Andere Interessengruppen versuchen seit Jahrzehnten zu den unterirdischen Anlagen, Hallen und Artefakten vorzudringen. Die in diesem Buch teilweise dokumentierten, heimlichen Grabungen bergen die Gefahr, dass wom\u00f6glich bedeutende unterirdische Bereiche einbrechen.<span class=\"Apple-converted-space\">\u00a0<\/span><\/p>\n<p>Dabei liesse sich zu-mindest ein Teil der unterirdischen Anlagen mit einem weit geringeren Aufwand erforschen, als derzeit betrieben wird.<\/p>\n<p>Ich kann Ihnen pers\u00f6nlich best\u00e4tigen, dass die alten \u00dcberlieferungen \u00fcber Memphis stimmen, und sich in Giza und Saqqara weitere noch unerforschte unterirdische Anlagen befinden! Ich weiss es aus eigener Erfahrung, denn ich war dort und habe Teile davon selbst gesehen. Die meisten habe ich in diesem Buch f\u00fcr Sie dokumentiert.<span class=\"Apple-converted-space\">\u00a0<\/span><\/p>\n<p>Mit diesem magischen, heiligen Ort und seinen Bauwerken muss sehr sorgsam umgegangen werden, denn hier ruht das Verm\u00e4chtnis unserer Vorfahren. Dessen Sicherstellung ist gem\u00e4ss den alten \u00dcberlieferungen nur m\u00f6glich, wenn die Entdeckung und Bergung zum Wohl der ganzen Menschheit erfolgt. Es darf von niemandem vereinnahmt werden.<span class=\"Apple-converted-space\">\u00a0<\/span><\/p>\n<p>Das Buch GIZA VERM\u00c4CHTNIS soll deshalb einen Beitrag zum besseren Verst\u00e4ndnis der \u201eWeltwunder von Giza\u201c und den Verm\u00e4chtnissen von drei Hochkulturen leisten. Dazu habe ich den wundersamen Ort und seine Anlagen auf dem aktuellsten Stand des Wissens und mit den neusten Entdeckungen und Erkenntnissen verschiedener Wissenschaftler in einer Gesamtschau dokumentiert.<\/p>\n<p>Wir beginnen bei den oberirdischen Bauten und wohl einmalig in dieser Zusammenstellung mit allen neu entdeckten Kammern in der grossen Pyramide.<span class=\"Apple-converted-space\">\u00a0<\/span><\/p>\n<p>Durch sie tauchen wir ein in die unterirdischen Bereiche bis zu der sagenumwobenen Halle der Aufzeichnungen.<span class=\"Apple-converted-space\">\u00a0<\/span><\/p>\n<p>Darauf folgt ein weltweiter Vergleich mit anderen Megalith-Anlagen und ihren Bauweisen.<span class=\"Apple-converted-space\">\u00a0<\/span><\/p>\n<p>So gelangen wir in die pr\u00e4historische Geschichte \u2013 die bis 30\u2018000 Jahre v. Chr. zur\u00fcckreicht und den Schl\u00fcssel zum Giza-Verst\u00e4ndnis bildet. Es ist eine Reise zu unseren Vorfahren, \u00fcber die pharaonischen Dynastien zur\u00fcck, zu den Gottk\u00f6nigen, den Shemsu Hor (Atlanter), den Erbauern der Pyramiden, und den Nether, den Gottess\u00f6hnen (Lemurier). Nur so k\u00f6nnen wir die Anlagen von Giza in ihren m\u00f6glichen Bauphasen und Zusammenh\u00e4ngen erkennen.<\/p>\n<p>Daran f\u00fcgt sich die historischen Geschichte, ebenfalls mit \u00fcberraschenden Quellen und Fakten.<span class=\"Apple-converted-space\">\u00a0<\/span><\/p>\n<p>Diese f\u00fchrt uns weiter zur wissenschaftlichen Geschichte bis in die Gegenwart sowie zu den Entdeckungen und Erkenntnissen der Neuzeit.<span class=\"Apple-converted-space\">\u00a0<\/span><\/p>\n<p>Der Ausblick ist den erstaunlichen astronomischen Ausrichtungen der Anlage und der neuen interdisziplin\u00e4ren Giza-Erforschung gewidmet.<span class=\"Apple-converted-space\">\u00a0<\/span><\/p>\n<p>Sie werden erstaunt sein, wie harmonisch sich die verschiedenen Kapitel und Wissensfelder zu einer erweiterten Gesamtschau zusammenf\u00fcgen.<\/p>\n<p>Von meinen dortigen Freunden und Partnern wurde ich oft darum gebeten, ihr und mein gesammeltes Wissen weiterzugeben \u2013 nicht zuletzt wegen dem Mauerbau, der die Einheimischen vor grosse existenzielle Probleme stellt.<\/p>\n<p>Ich tue dies aus grosser Ehrerbietung f\u00fcr diesen wohl noch geheimnisvollsten Ort auf Erden, f\u00fcr alle Interessierten und f\u00fcr die \u00e4gyptische Bev\u00f6lkerung.<span class=\"Apple-converted-space\">\u00a0<\/span><\/p>\n<p>Ich hoffe, mit dieser Gesamtschau gegen die weitere Verdunkelung der Geschichte<\/p>\n<p>und wissenschaftlicher Erkenntnisse rund um Giza mitzuwirken, damit das dort ruhende Verm\u00e4chtnis weder verheimlicht noch unterschlagen werden kann &#8230;<span class=\"Apple-converted-space\">\u00a0<\/span><\/p>\n<p>Rico Paganini <span class=\"Apple-converted-space\">\u00a0<\/span><\/p>\n","protected":false},"excerpt":{"rendered":"<p>Einf\u00fchrung in den sagenumwobenen Ort Giza Sie sind die atemberaubendsten Weltwunder, die 3 gigantischen Pyramiden und der Sphinx, die in Giza (auch Gizeh genannt) am Stadtrand der \u00e4gyptischen Metropole Kairo auf einem leicht erh\u00f6hten Felsplateau thronen. Erbaut in einer unglaublichen Pr\u00e4zision, exakt ausgerichtet auf die vier Himmelsrichtungen und bestimmte Sternensysteme. Basierend auf selbst f\u00fcr die [&hellip;]<\/p>\n","protected":false},"author":3,"featured_media":0,"parent":0,"menu_order":100,"comment_status":"open","ping_status":"open","template":"","meta":{"_acf_changed":false,"_monsterinsights_skip_tracking":false,"_monsterinsights_sitenote_active":false,"_monsterinsights_sitenote_note":"","_monsterinsights_sitenote_category":0,"footnotes":""},"class_list":["post-4","page","type-page","status-publish","hentry"],"acf":[],"yoast_head":"<!-- This site is optimized with the Yoast SEO plugin v26.4 - https:\/\/yoast.com\/wordpress\/plugins\/seo\/ -->\n<title>Einf\u00fchrung von Rico Paganini - GIZA-VERM\u00c4CHTNIS<\/title>\n<meta name=\"robots\" content=\"index, follow, max-snippet:-1, max-image-preview:large, max-video-preview:-1\" \/>\n<link rel=\"canonical\" href=\"https:\/\/evol-forum.ch\/giza\/einfuehrung-von-rico-paganini\/\" \/>\n<meta name=\"twitter:label1\" content=\"Gesch\u00e4tzte Lesezeit\" \/>\n\t<meta name=\"twitter:data1\" content=\"7\u00a0Minuten\" \/>\n<script type=\"application\/ld+json\" class=\"yoast-schema-graph\">{\"@context\":\"https:\/\/schema.org\",\"@graph\":[{\"@type\":\"WebPage\",\"@id\":\"https:\/\/evol-forum.ch\/giza\/einfuehrung-von-rico-paganini\/\",\"url\":\"https:\/\/evol-forum.ch\/giza\/einfuehrung-von-rico-paganini\/\",\"name\":\"Einf\u00fchrung von Rico Paganini - GIZA-VERM\u00c4CHTNIS\",\"isPartOf\":{\"@id\":\"https:\/\/evol-forum.ch\/giza\/#website\"},\"datePublished\":\"2013-12-11T13:38:03+00:00\",\"dateModified\":\"2018-10-29T10:30:35+00:00\",\"inLanguage\":\"de\",\"potentialAction\":[{\"@type\":\"ReadAction\",\"target\":[\"https:\/\/evol-forum.ch\/giza\/einfuehrung-von-rico-paganini\/\"]}]},{\"@type\":\"WebSite\",\"@id\":\"https:\/\/evol-forum.ch\/giza\/#website\",\"url\":\"https:\/\/evol-forum.ch\/giza\/\",\"name\":\"GIZA-VERM\u00c4CHTNIS\",\"description\":\"\",\"potentialAction\":[{\"@type\":\"SearchAction\",\"target\":{\"@type\":\"EntryPoint\",\"urlTemplate\":\"https:\/\/evol-forum.ch\/giza\/?s={search_term_string}\"},\"query-input\":{\"@type\":\"PropertyValueSpecification\",\"valueRequired\":true,\"valueName\":\"search_term_string\"}}],\"inLanguage\":\"de\"}]}<\/script>\n<!-- \/ Yoast SEO plugin. -->","yoast_head_json":{"title":"Einf\u00fchrung von Rico Paganini - GIZA-VERM\u00c4CHTNIS","robots":{"index":"index","follow":"follow","max-snippet":"max-snippet:-1","max-image-preview":"max-image-preview:large","max-video-preview":"max-video-preview:-1"},"canonical":"https:\/\/evol-forum.ch\/giza\/einfuehrung-von-rico-paganini\/","twitter_misc":{"Gesch\u00e4tzte Lesezeit":"7\u00a0Minuten"},"schema":{"@context":"https:\/\/schema.org","@graph":[{"@type":"WebPage","@id":"https:\/\/evol-forum.ch\/giza\/einfuehrung-von-rico-paganini\/","url":"https:\/\/evol-forum.ch\/giza\/einfuehrung-von-rico-paganini\/","name":"Einf\u00fchrung von Rico Paganini - GIZA-VERM\u00c4CHTNIS","isPartOf":{"@id":"https:\/\/evol-forum.ch\/giza\/#website"},"datePublished":"2013-12-11T13:38:03+00:00","dateModified":"2018-10-29T10:30:35+00:00","inLanguage":"de","potentialAction":[{"@type":"ReadAction","target":["https:\/\/evol-forum.ch\/giza\/einfuehrung-von-rico-paganini\/"]}]},{"@type":"WebSite","@id":"https:\/\/evol-forum.ch\/giza\/#website","url":"https:\/\/evol-forum.ch\/giza\/","name":"GIZA-VERM\u00c4CHTNIS","description":"","potentialAction":[{"@type":"SearchAction","target":{"@type":"EntryPoint","urlTemplate":"https:\/\/evol-forum.ch\/giza\/?s={search_term_string}"},"query-input":{"@type":"PropertyValueSpecification","valueRequired":true,"valueName":"search_term_string"}}],"inLanguage":"de"}]}},"_links":{"self":[{"href":"https:\/\/evol-forum.ch\/giza\/wp-json\/wp\/v2\/pages\/4","targetHints":{"allow":["GET"]}}],"collection":[{"href":"https:\/\/evol-forum.ch\/giza\/wp-json\/wp\/v2\/pages"}],"about":[{"href":"https:\/\/evol-forum.ch\/giza\/wp-json\/wp\/v2\/types\/page"}],"author":[{"embeddable":true,"href":"https:\/\/evol-forum.ch\/giza\/wp-json\/wp\/v2\/users\/3"}],"replies":[{"embeddable":true,"href":"https:\/\/evol-forum.ch\/giza\/wp-json\/wp\/v2\/comments?post=4"}],"version-history":[{"count":7,"href":"https:\/\/evol-forum.ch\/giza\/wp-json\/wp\/v2\/pages\/4\/revisions"}],"predecessor-version":[{"id":1550,"href":"https:\/\/evol-forum.ch\/giza\/wp-json\/wp\/v2\/pages\/4\/revisions\/1550"}],"wp:attachment":[{"href":"https:\/\/evol-forum.ch\/giza\/wp-json\/wp\/v2\/media?parent=4"}],"curies":[{"name":"wp","href":"https:\/\/api.w.org\/{rel}","templated":true}]}}